{"id":67,"date":"2017-06-16T12:08:28","date_gmt":"2017-06-16T15:08:28","guid":{"rendered":"http:\/\/arquidiocesebh.org.br\/paroquia-sao-goncalo\/?page_id=67"},"modified":"2024-02-20T15:50:12","modified_gmt":"2024-02-20T18:50:12","slug":"secretaria","status":"publish","type":"page","link":"https:\/\/arquidiocesebh.org.br\/saojudastadeuwpires\/paroquia\/secretaria\/","title":{"rendered":"Secretaria"},"content":{"rendered":"<p><strong>Hor\u00e1rio de funcionamento da secretaria paroquial:<\/strong><\/p>\n<p>Funcionamento da Secretaria: 13h \u00e0s 18h, de segunda a sexta-feira.<\/p>\n<p><strong>Endere\u00e7o<\/strong>:<\/p>\n<div class=\"row\">\n<div class=\"col-xs-24\">\n<div class=\"container-varios\">\n<p>R. Almeida Gerret, 45 &#8211; Washington Pires, Ibirit\u00e9 &#8211; MG, 32400-000<\/p>\n<\/div>\n<\/div>\n<\/div>\n<div class=\"row\"><\/div>\n","protected":false},"excerpt":{"rendered":"<p>Hor\u00e1rio de funcionamento da secretaria paroquial: Funcionamento da Secretaria: 13h \u00e0s 18h, de segunda a sexta-feira. Endere\u00e7o: R. Almeida Gerret, 45 &#8211; Washington Pires, Ibirit\u00e9 &#8211; MG, 32400-000<\/p>\n","protected":false},"author":64,"featured_media":0,"parent":51,"menu_order":0,"comment_status":"closed","ping_status":"closed","template":"","meta":{"_acf_changed":false,"xn-wppe-expiration":[],"xn-wppe-expiration-action":[],"xn-wppe-expiration-prefix":[],"inline_featured_image":false,"footnotes":""},"class_list":["post-67","page","type-page","status-publish","hentry"],"acf":[],"_links":{"self":[{"href":"https:\/\/arquidiocesebh.org.br\/saojudastadeuwpires\/wp-json\/wp\/v2\/pages\/67","targetHints":{"allow":["GET"]}}],"collection":[{"href":"https:\/\/arquidiocesebh.org.br\/saojudastadeuwpires\/wp-json\/wp\/v2\/pages"}],"about":[{"href":"https:\/\/arquidiocesebh.org.br\/saojudastadeuwpires\/wp-json\/wp\/v2\/types\/page"}],"author":[{"embeddable":true,"href":"https:\/\/arquidiocesebh.org.br\/saojudastadeuwpires\/wp-json\/wp\/v2\/users\/64"}],"replies":[{"embeddable":true,"href":"https:\/\/arquidiocesebh.org.br\/saojudastadeuwpires\/wp-json\/wp\/v2\/comments?post=67"}],"version-history":[{"count":0,"href":"https:\/\/arquidiocesebh.org.br\/saojudastadeuwpires\/wp-json\/wp\/v2\/pages\/67\/revisions"}],"up":[{"embeddable":true,"href":"https:\/\/arquidiocesebh.org.br\/saojudastadeuwpires\/wp-json\/wp\/v2\/pages\/51"}],"wp:attachment":[{"href":"https:\/\/arquidiocesebh.org.br\/saojudastadeuwpires\/wp-json\/wp\/v2\/media?parent=67"}],"curies":[{"name":"wp","href":"https:\/\/api.w.org\/{rel}","templated":true}]}}