{"id":6935,"date":"2021-04-06T12:38:17","date_gmt":"2021-04-06T15:38:17","guid":{"rendered":"https:\/\/arquidiocesebh.org.br\/santuario-santo-antonio\/?page_id=6935"},"modified":"2021-04-06T12:38:17","modified_gmt":"2021-04-06T15:38:17","slug":"biografia","status":"publish","type":"page","link":"https:\/\/arquidiocesebh.org.br\/santuario-santo-antonio\/santuario\/santo-antonio\/biografia\/","title":{"rendered":"Biografia"},"content":{"rendered":"<p>&nbsp;<\/p>\n<p><img loading=\"lazy\" decoding=\"async\" class=\"alignright  wp-image-6936\" src=\"https:\/\/arquidiocesebh.org.br\/santuario-santo-antonio\/wp-content\/uploads\/sites\/46\/2021\/04\/santo-antonio--14-300x233.jpg\" alt=\"\" width=\"377\" height=\"293\" srcset=\"https:\/\/arquidiocesebh.org.br\/santuario-santo-antonio\/wp-content\/uploads\/sites\/46\/2021\/04\/santo-antonio--14-300x233.jpg 300w, https:\/\/arquidiocesebh.org.br\/santuario-santo-antonio\/wp-content\/uploads\/sites\/46\/2021\/04\/santo-antonio--14-224x174.jpg 224w, https:\/\/arquidiocesebh.org.br\/santuario-santo-antonio\/wp-content\/uploads\/sites\/46\/2021\/04\/santo-antonio--14.jpg 700w\" sizes=\"auto, (max-width: 377px) 100vw, 377px\" \/><\/p>\n<p>Santo Ant\u00f4nio nasceu em Lisboa, Portugal, em 13 de setembro de 1191 e morreu com 36 anos, em 13 de junho de 1231, nas vizinhan\u00e7as de P\u00e1dua, It\u00e1lia. Por isso, \u00e9 chamado Santo Ant\u00f4nio de\u00a0Lisboa e Santo Ant\u00f4nio de P\u00e1dua, um dos santos mais populares da Igreja, \u201co santo do mundo todo\u201d chamou Le\u00e3o XIII.<\/p>\n<p>Filho de Martinho de Bulh\u00f5es e Teresa Taveira, de fam\u00edlias ilustres, recebeu o nome de Fernando no batismo. Aos 15 anos, entrou no convento da Ordem dos C\u00f4negos Regulares de Santo Agostinho, nas proximidades de Lisboa. Permaneceu durante dois anos e pediu para ser transferido para o mosteiro \u00a0de Santa Cruz em Coimbra, porque eram tantas as visitas de parentes e amigos, que perturbavam sua paz. Em Coimbra fez filosofia e teologia<br \/>\ne foi ordenado padre.<\/p>\n<hr \/>\n<p>&nbsp;<\/p>\n<p><img loading=\"lazy\" decoding=\"async\" class=\"alignleft  wp-image-6939\" src=\"https:\/\/arquidiocesebh.org.br\/santuario-santo-antonio\/wp-content\/uploads\/sites\/46\/2021\/04\/410goya-284x300.jpg\" alt=\"\" width=\"336\" height=\"355\" srcset=\"https:\/\/arquidiocesebh.org.br\/santuario-santo-antonio\/wp-content\/uploads\/sites\/46\/2021\/04\/410goya-284x300.jpg 284w, https:\/\/arquidiocesebh.org.br\/santuario-santo-antonio\/wp-content\/uploads\/sites\/46\/2021\/04\/410goya-768x810.jpg 768w, https:\/\/arquidiocesebh.org.br\/santuario-santo-antonio\/wp-content\/uploads\/sites\/46\/2021\/04\/410goya-569x600.jpg 569w, https:\/\/arquidiocesebh.org.br\/santuario-santo-antonio\/wp-content\/uploads\/sites\/46\/2021\/04\/410goya-198x209.jpg 198w, https:\/\/arquidiocesebh.org.br\/santuario-santo-antonio\/wp-content\/uploads\/sites\/46\/2021\/04\/410goya.jpg 950w\" sizes=\"auto, (max-width: 336px) 100vw, 336px\" \/><\/p>\n<h3><span style=\"color: #339966\"><b>Chamado a ser Franciscano<\/b><\/span><\/h3>\n<p>Nesse mosteiro de Coimbra, se hospedaram os frades Franciscanos do convento de Santo Ant\u00f4nio dos Olivais, quando viajavam para converter os mu\u00e7ulmanos em Marrocos, na \u00c1frica. Pouco tempo depois, os restos mortais desses frades, martirizados em Marrocos, voltaram a Portugal para o sepultamento desses her\u00f3is em Coimbra, onde morava o Rei de Portugal. Nessa ocasi\u00e3o, Santo Ant\u00f4nio sentiu grande desejo de evangelizar Marrocos e imitar os m\u00e1rtires. Por isso, no ver\u00e3o de 1220, entrou para a Ordem dos Franciscanos, mudou seu nome para Ant\u00f4nio, que era o titular do convento franciscano dos Olivais, e foi mandado para Marrocos.<\/p>\n<p>No in\u00edcio de novembro de 1220, Ant\u00f4nio desembarcou em Marrocos, mas terr\u00edvel enfermidade o reteve na cama todo o inverno e resolveram envi\u00e1-lo para Portugal. O navio de volta a Portugal foi levado pelos ventos para a It\u00e1lia. Desembarcou na Sic\u00edlia e se dirigiu para Assis, onde se encontrou pela primeira vez com S\u00e3o Francisco quando participou de um Cap\u00edtulo Geral da Ordem, que come\u00e7ou em 20 de maio de 1221, em Assis.<\/p>\n<hr \/>\n<h3><\/h3>\n<h3><span style=\"color: #339966\"><b>O Pregador<\/b><\/span><\/h3>\n<p>&nbsp;<\/p>\n<p>N\u00e3o demorou para se revelar como excelente orador e pregador, em setembro de 1221, fazendo o serm\u00e3o em Forli, na ordena\u00e7\u00e3o sacerdotal de franciscanos e dominicanos. Surpreendeu o Provincial e todos ficaram maravilhados.<\/p>\n<p>Por isso, o Provincial o encarregou da a\u00e7\u00e3o apost\u00f3lica contra os hereges na regi\u00e3o da Romanha e no norte da It\u00e1lia, quando se tornou extraordin\u00e1rio pregador popular. Em Rimini, os hereges impediam o povo de ir aos seus serm\u00f5es. Ent\u00e3o, apelou para o milagre. Foi \u00e0 costa do Adri\u00e1tico e come\u00e7ou a pregar aos peixes, que acorreram em multid\u00e3o, mostrando a cabe\u00e7a fora da \u00e1gua. Este milagre invadiu a cidade com entusiasmo e os hereges ficaram envergonhados.<\/p>\n<hr \/>\n<h3><span style=\"color: #339966\"><b><img loading=\"lazy\" decoding=\"async\" class=\"alignright  wp-image-6937\" src=\"https:\/\/arquidiocesebh.org.br\/santuario-santo-antonio\/wp-content\/uploads\/sites\/46\/2021\/04\/stoantoniopregador05-300x227.jpg\" alt=\"\" width=\"386\" height=\"292\" srcset=\"https:\/\/arquidiocesebh.org.br\/santuario-santo-antonio\/wp-content\/uploads\/sites\/46\/2021\/04\/stoantoniopregador05-300x227.jpg 300w, https:\/\/arquidiocesebh.org.br\/santuario-santo-antonio\/wp-content\/uploads\/sites\/46\/2021\/04\/stoantoniopregador05-768x582.jpg 768w, https:\/\/arquidiocesebh.org.br\/santuario-santo-antonio\/wp-content\/uploads\/sites\/46\/2021\/04\/stoantoniopregador05-792x600.jpg 792w, https:\/\/arquidiocesebh.org.br\/santuario-santo-antonio\/wp-content\/uploads\/sites\/46\/2021\/04\/stoantoniopregador05-224x170.jpg 224w, https:\/\/arquidiocesebh.org.br\/santuario-santo-antonio\/wp-content\/uploads\/sites\/46\/2021\/04\/stoantoniopregador05.jpg 800w\" sizes=\"auto, (max-width: 386px) 100vw, 386px\" \/>O amor \u00e0 Sagrada Escritura<\/b><\/span><\/h3>\n<p>Ap\u00f3s alguns anos de frade itinerante, foi nomeado, por carta, por S\u00e3o Francisco, o primeiro \u2018Leitor de Teologia\u2019 da Ordem. Mas, este magist\u00e9rio de teologia para os franciscanos de Bolonha demorou pouco porque o Papa mobilizou todos os pregadores dominicanos e franciscanos para combater a heresia albigense na Fran\u00e7a.<\/p>\n<p>Por isso, passou tr\u00eas anos, lecionando, pregando e fazendo milagres no sul da Fran\u00e7a \u2013 Montpellier, Toulouse, L\u00ea Puy, Bourges, Arles e Limoges. Como ocupava o cargo de cust\u00f3dio do convento de Limoges, foi para Assis participar do Cap\u00edtulo Geral da Ordem, convocado por Frei Elias, a 30 de maio de 1227. Nesse Cap\u00edtulo foi eleito Provincial da Romanha, cargo que ocupou com \u00eaxito at\u00e9 1230. Em 1229, foi morar com os seus irm\u00e3os franciscanos, perto de P\u00e1dua, no convento de Arcella, em Camposampiero.<\/p>\n<hr \/>\n<h3><span style=\"color: #339966\"><b>Morte de Santo Ant\u00f4nio<\/b><\/span><\/h3>\n<p>Em Camposampiero, Santo Ant\u00f4nio dedicou-se a escrever os serm\u00f5es das festas dos grandes santos e de todos os domingos do ano a pedido do Cardeal de \u00d3stia. E sempre sa\u00eda para prega\u00e7\u00f5es, por exemplo, durante a quaresma, at\u00e9 morrer, por uma hidropisia maligna (insufici\u00eancia card\u00edaca congestiva), na sexta-feira, de 13 de junho de 1231.<\/p>\n<p>&nbsp;<\/p>\n<h3><span style=\"color: #339966\"><b>A mais r\u00e1pida canoniza\u00e7\u00e3o da Hist\u00f3ria da Igreja<\/b><\/span><\/h3>\n<p>Foi tanta a repercuss\u00e3o de sua morte e tantos os milagres que, onze meses ap\u00f3s sua morte, foi canonizado pelo Papa Greg\u00f3rio IX. Em 1263, quando seu corpo foi exumado, sua l\u00edngua estava intacta e continua intacta at\u00e9 hoje, numa redoma de vidro, na Bas\u00edlica de Santo Ant\u00f4nio, em P\u00e1dua, onde est\u00e3o seus restos mortais.<\/p>\n<p>&nbsp;<\/p>\n<h3><span style=\"color: #339966\"><b>Santo Ant\u00f4nio \u00e9 Declarado Doutor da Igreja por sua grande Sabedoria\u00a0<\/b><\/span><\/h3>\n<p>E em 1946, o Papa Pio XII proclamou Santo Ant\u00f4nio \u2018Doutor da Igreja\u2019, com o t\u00edtulo de \u2018Doutor Evang\u00e9lico\u2019. Santo Ant\u00f4nio n\u00e3o perdeu sua atualidade e \u00e9 invocado pelo povo crist\u00e3o, at\u00e9 hoje, para curar doen\u00e7as, encontrar objetos perdidos e obter ajuda no casamento.<\/p>\n<hr \/>\n<h3><span style=\"color: #339966\"><b><img loading=\"lazy\" decoding=\"async\" class=\"alignleft  wp-image-6938\" src=\"https:\/\/arquidiocesebh.org.br\/santuario-santo-antonio\/wp-content\/uploads\/sites\/46\/2021\/04\/lingua-300x200.jpg\" alt=\"\" width=\"449\" height=\"300\" srcset=\"https:\/\/arquidiocesebh.org.br\/santuario-santo-antonio\/wp-content\/uploads\/sites\/46\/2021\/04\/lingua-300x200.jpg 300w, https:\/\/arquidiocesebh.org.br\/santuario-santo-antonio\/wp-content\/uploads\/sites\/46\/2021\/04\/lingua-436x291.jpg 436w, https:\/\/arquidiocesebh.org.br\/santuario-santo-antonio\/wp-content\/uploads\/sites\/46\/2021\/04\/lingua-224x149.jpg 224w, https:\/\/arquidiocesebh.org.br\/santuario-santo-antonio\/wp-content\/uploads\/sites\/46\/2021\/04\/lingua.jpg 450w\" sizes=\"auto, (max-width: 449px) 100vw, 449px\" \/>A Lingua de Santo Ant\u00f4nio permanece incorrupta<\/b><\/span><\/h3>\n<p>Depois de quase 800 anos de sua morte, a L\u00edngua do Grande Pregador continua intacta.<\/p>\n<p>&#8220;Ao preservar a l\u00edngua de Santo Ant\u00f3nio do apodrecimento, Deus mostrou-nos que aprovou a miss\u00e3o dele e em particular a sua prega\u00e7\u00e3o, que ele levava a cabo atrav\u00e9s da l\u00edngua e das cordas vocais.&#8221;<\/p>\n<p>A exuma\u00e7\u00e3o ter\u00e1 ocorrido a 8 de abril de 1263, 32 anos ap\u00f3s a morte do lisboeta Fernando de Bulh\u00f5es, e ocorreu porque o corpo daquele que entretanto, e num tempo recorde at\u00e9 hoje inigualado &#8211; menos de um ano -, fora, a 30 de maio de 1232, proclamado santo pelo Papa Greg\u00f3rio IX estava sepultado numa pequena igreja (Santa Maria Mater Domine, ou M\u00e3e de Deus) e entretanto fora constru\u00edda uma bas\u00edlica em sua honra &#8211; que ter\u00e1 sido completada pelo ano 1310 &#8211; para onde ia ser transladado.<\/p>\n<p>A l\u00edngua, assim como uma parte da queixada e do bra\u00e7o esquerdo, foi logo ali retirada para ser exibida em relic\u00e1rio; tamb\u00e9m uma parte da pele e do cabelo teriam o mesmo destino e um peda\u00e7o de um p\u00e9.\u00a0O resto dos restos foi colocado num sarc\u00f3fago de m\u00e1rmore, em sacos de seda escarlate bordada a ouro: um com os ossos, outro com as v\u00edsceras e outro com o h\u00e1bito castanho de franciscano. O relic\u00e1rio original da queixada, datado de 1349, foi doado \u00e0 bas\u00edlica em 1350; a l\u00edngua foi colocada num &#8220;tabern\u00e1culo&#8221; \u00e0 parte, protegida por vidro.<\/p>\n<p>Hoje, as rel\u00edquias de Santo Ant\u00f3nio que ficaram em P\u00e1dua, e que ser\u00e3o visitadas anualmente por cerca de cinco milh\u00f5es de pessoas, o que faz do templo um dos mais visitados da religi\u00e3o cat\u00f3lica, est\u00e3o em exibi\u00e7\u00e3o na Capela do Tesouro da bas\u00edlica<\/p>\n","protected":false},"excerpt":{"rendered":"<p>&nbsp; Santo Ant\u00f4nio nasceu em Lisboa, Portugal, em 13 de setembro de 1191 e morreu com 36 anos, em 13 de junho de 1231, nas vizinhan\u00e7as de P\u00e1dua, It\u00e1lia. Por isso, \u00e9 chamado Santo Ant\u00f4nio de\u00a0Lisboa e Santo Ant\u00f4nio de P\u00e1dua, um dos santos mais populares da Igreja, \u201co santo do mundo todo\u201d chamou Le\u00e3o [&hellip;]<\/p>\n","protected":false},"author":90,"featured_media":0,"parent":6933,"menu_order":0,"comment_status":"closed","ping_status":"closed","template":"","meta":{"_acf_changed":false,"xn-wppe-expiration":[],"xn-wppe-expiration-action":[],"xn-wppe-expiration-prefix":[],"inline_featured_image":false,"footnotes":""},"class_list":["post-6935","page","type-page","status-publish","hentry"],"acf":[],"_links":{"self":[{"href":"https:\/\/arquidiocesebh.org.br\/santuario-santo-antonio\/wp-json\/wp\/v2\/pages\/6935","targetHints":{"allow":["GET"]}}],"collection":[{"href":"https:\/\/arquidiocesebh.org.br\/santuario-santo-antonio\/wp-json\/wp\/v2\/pages"}],"about":[{"href":"https:\/\/arquidiocesebh.org.br\/santuario-santo-antonio\/wp-json\/wp\/v2\/types\/page"}],"author":[{"embeddable":true,"href":"https:\/\/arquidiocesebh.org.br\/santuario-santo-antonio\/wp-json\/wp\/v2\/users\/90"}],"replies":[{"embeddable":true,"href":"https:\/\/arquidiocesebh.org.br\/santuario-santo-antonio\/wp-json\/wp\/v2\/comments?post=6935"}],"version-history":[{"count":0,"href":"https:\/\/arquidiocesebh.org.br\/santuario-santo-antonio\/wp-json\/wp\/v2\/pages\/6935\/revisions"}],"up":[{"embeddable":true,"href":"https:\/\/arquidiocesebh.org.br\/santuario-santo-antonio\/wp-json\/wp\/v2\/pages\/6933"}],"wp:attachment":[{"href":"https:\/\/arquidiocesebh.org.br\/santuario-santo-antonio\/wp-json\/wp\/v2\/media?parent=6935"}],"curies":[{"name":"wp","href":"https:\/\/api.w.org\/{rel}","templated":true}]}}