{"id":344,"date":"2022-12-27T16:42:50","date_gmt":"2022-12-27T19:42:50","guid":{"rendered":"https:\/\/arquidiocesebh.org.br\/santoantoniodomorrovelho\/?page_id=344"},"modified":"2023-01-26T12:57:29","modified_gmt":"2023-01-26T15:57:29","slug":"casamentos","status":"publish","type":"page","link":"https:\/\/arquidiocesebh.org.br\/santoantoniodomorrovelho\/casamentos\/","title":{"rendered":"Casamentos"},"content":{"rendered":"<p><strong>(DOCUMENTOS)<\/strong><\/p>\n<p>&#8211; Carteira de Identidade,<\/p>\n<p>&#8211; comprovante de resid\u00eancia,<\/p>\n<p>&#8211; certid\u00e3o matrimonial no cart\u00f3rio,<\/p>\n<p>&#8211; comprovante de curso de noivos,<\/p>\n<p>&#8211; telefone de contato<\/p>\n<p>&#8211; todas as informa\u00e7\u00f5es geral para o processo de matrim\u00f4nio.<\/p>\n","protected":false},"excerpt":{"rendered":"<p>(DOCUMENTOS) &#8211; Carteira de Identidade, &#8211; comprovante de resid\u00eancia, &#8211; certid\u00e3o matrimonial no cart\u00f3rio, &#8211; comprovante de curso de noivos, &#8211; telefone de contato &#8211; todas as informa\u00e7\u00f5es geral para o processo de matrim\u00f4nio.<\/p>\n","protected":false},"author":64,"featured_media":0,"parent":0,"menu_order":0,"comment_status":"closed","ping_status":"closed","template":"","meta":{"_acf_changed":false,"xn-wppe-expiration":[],"xn-wppe-expiration-action":[],"xn-wppe-expiration-prefix":[],"inline_featured_image":false,"footnotes":""},"class_list":["post-344","page","type-page","status-publish","hentry"],"acf":[],"_links":{"self":[{"href":"https:\/\/arquidiocesebh.org.br\/santoantoniodomorrovelho\/wp-json\/wp\/v2\/pages\/344","targetHints":{"allow":["GET"]}}],"collection":[{"href":"https:\/\/arquidiocesebh.org.br\/santoantoniodomorrovelho\/wp-json\/wp\/v2\/pages"}],"about":[{"href":"https:\/\/arquidiocesebh.org.br\/santoantoniodomorrovelho\/wp-json\/wp\/v2\/types\/page"}],"author":[{"embeddable":true,"href":"https:\/\/arquidiocesebh.org.br\/santoantoniodomorrovelho\/wp-json\/wp\/v2\/users\/64"}],"replies":[{"embeddable":true,"href":"https:\/\/arquidiocesebh.org.br\/santoantoniodomorrovelho\/wp-json\/wp\/v2\/comments?post=344"}],"version-history":[{"count":0,"href":"https:\/\/arquidiocesebh.org.br\/santoantoniodomorrovelho\/wp-json\/wp\/v2\/pages\/344\/revisions"}],"wp:attachment":[{"href":"https:\/\/arquidiocesebh.org.br\/santoantoniodomorrovelho\/wp-json\/wp\/v2\/media?parent=344"}],"curies":[{"name":"wp","href":"https:\/\/api.w.org\/{rel}","templated":true}]}}