{"id":33,"date":"2017-06-16T11:55:13","date_gmt":"2017-06-16T14:55:13","guid":{"rendered":"http:\/\/arquidiocesebh.org.br\/paroquia-sao-goncalo\/?page_id=33"},"modified":"2023-01-26T15:41:51","modified_gmt":"2023-01-26T18:41:51","slug":"voluntariado","status":"publish","type":"page","link":"https:\/\/arquidiocesebh.org.br\/santoantoniodomorrovelho\/quero-ajudar\/voluntariado\/","title":{"rendered":"Voluntariado"},"content":{"rendered":"<h2>Servi\u00e7o Volunt\u00e1rio<\/h2>\n<p>Imprima o termo de ades\u00e3o abaixo, preencha e entrega presencialmente na secretaria paroquial.<\/p>\n<p>&nbsp;<\/p>\n<p>&nbsp;<\/p>\n<p><img loading=\"lazy\" decoding=\"async\" class=\"alignnone wp-image-563 size-full\" src=\"https:\/\/arquidiocesebh.org.br\/santoantoniodomorrovelho\/wp-content\/uploads\/sites\/66\/2023\/01\/cadastro-voluntariado-1.jpg\" alt=\"\" width=\"603\" height=\"804\" srcset=\"https:\/\/arquidiocesebh.org.br\/santoantoniodomorrovelho\/wp-content\/uploads\/sites\/66\/2023\/01\/cadastro-voluntariado-1.jpg 603w, https:\/\/arquidiocesebh.org.br\/santoantoniodomorrovelho\/wp-content\/uploads\/sites\/66\/2023\/01\/cadastro-voluntariado-1-225x300.jpg 225w, https:\/\/arquidiocesebh.org.br\/santoantoniodomorrovelho\/wp-content\/uploads\/sites\/66\/2023\/01\/cadastro-voluntariado-1-450x600.jpg 450w, https:\/\/arquidiocesebh.org.br\/santoantoniodomorrovelho\/wp-content\/uploads\/sites\/66\/2023\/01\/cadastro-voluntariado-1-157x209.jpg 157w\" sizes=\"auto, (max-width: 603px) 100vw, 603px\" \/><\/p>\n<p>&nbsp;<\/p>\n<p><img loading=\"lazy\" decoding=\"async\" class=\"alignnone wp-image-564 size-full\" src=\"https:\/\/arquidiocesebh.org.br\/santoantoniodomorrovelho\/wp-content\/uploads\/sites\/66\/2023\/01\/cadastro-voluntariado-2.jpg\" alt=\"\" width=\"603\" height=\"804\" srcset=\"https:\/\/arquidiocesebh.org.br\/santoantoniodomorrovelho\/wp-content\/uploads\/sites\/66\/2023\/01\/cadastro-voluntariado-2.jpg 603w, https:\/\/arquidiocesebh.org.br\/santoantoniodomorrovelho\/wp-content\/uploads\/sites\/66\/2023\/01\/cadastro-voluntariado-2-225x300.jpg 225w, https:\/\/arquidiocesebh.org.br\/santoantoniodomorrovelho\/wp-content\/uploads\/sites\/66\/2023\/01\/cadastro-voluntariado-2-450x600.jpg 450w, https:\/\/arquidiocesebh.org.br\/santoantoniodomorrovelho\/wp-content\/uploads\/sites\/66\/2023\/01\/cadastro-voluntariado-2-157x209.jpg 157w\" sizes=\"auto, (max-width: 603px) 100vw, 603px\" \/><\/p>\n","protected":false},"excerpt":{"rendered":"<p>Servi\u00e7o Volunt\u00e1rio Imprima o termo de ades\u00e3o abaixo, preencha e entrega presencialmente na secretaria paroquial. &nbsp; &nbsp; &nbsp;<\/p>\n","protected":false},"author":64,"featured_media":0,"parent":69,"menu_order":0,"comment_status":"closed","ping_status":"closed","template":"","meta":{"_acf_changed":false,"xn-wppe-expiration":[],"xn-wppe-expiration-action":[],"xn-wppe-expiration-prefix":[],"inline_featured_image":false,"footnotes":""},"class_list":["post-33","page","type-page","status-publish","hentry"],"acf":[],"_links":{"self":[{"href":"https:\/\/arquidiocesebh.org.br\/santoantoniodomorrovelho\/wp-json\/wp\/v2\/pages\/33","targetHints":{"allow":["GET"]}}],"collection":[{"href":"https:\/\/arquidiocesebh.org.br\/santoantoniodomorrovelho\/wp-json\/wp\/v2\/pages"}],"about":[{"href":"https:\/\/arquidiocesebh.org.br\/santoantoniodomorrovelho\/wp-json\/wp\/v2\/types\/page"}],"author":[{"embeddable":true,"href":"https:\/\/arquidiocesebh.org.br\/santoantoniodomorrovelho\/wp-json\/wp\/v2\/users\/64"}],"replies":[{"embeddable":true,"href":"https:\/\/arquidiocesebh.org.br\/santoantoniodomorrovelho\/wp-json\/wp\/v2\/comments?post=33"}],"version-history":[{"count":0,"href":"https:\/\/arquidiocesebh.org.br\/santoantoniodomorrovelho\/wp-json\/wp\/v2\/pages\/33\/revisions"}],"up":[{"embeddable":true,"href":"https:\/\/arquidiocesebh.org.br\/santoantoniodomorrovelho\/wp-json\/wp\/v2\/pages\/69"}],"wp:attachment":[{"href":"https:\/\/arquidiocesebh.org.br\/santoantoniodomorrovelho\/wp-json\/wp\/v2\/media?parent=33"}],"curies":[{"name":"wp","href":"https:\/\/api.w.org\/{rel}","templated":true}]}}