{"id":320,"date":"2022-12-27T14:21:19","date_gmt":"2022-12-27T17:21:19","guid":{"rendered":"https:\/\/arquidiocesebh.org.br\/santissimosacramento\/?page_id=320"},"modified":"2023-01-16T12:52:15","modified_gmt":"2023-01-16T15:52:15","slug":"batizados","status":"publish","type":"page","link":"https:\/\/arquidiocesebh.org.br\/santissimosacramento\/batizados\/","title":{"rendered":"Batizados"},"content":{"rendered":"<p><strong>(DOCUMENTOS)<\/strong><\/p>\n<p>Certid\u00e3o da crian\u00e7a<\/p>\n<p>Comprovante de endere\u00e7o dos pais<\/p>\n<p>CPF e identidade dos pais (xerox)<\/p>\n<p>CPF e Identidade dos padrinhos de batismo<\/p>\n<p>Comprovante do curso de batismo dos pais e padrinhos<\/p>\n","protected":false},"excerpt":{"rendered":"<p>(DOCUMENTOS) Certid\u00e3o da crian\u00e7a Comprovante de endere\u00e7o dos pais CPF e identidade dos pais (xerox) CPF e Identidade dos padrinhos de batismo Comprovante do curso de batismo dos pais e padrinhos<\/p>\n","protected":false},"author":64,"featured_media":0,"parent":0,"menu_order":0,"comment_status":"closed","ping_status":"closed","template":"","meta":{"_acf_changed":false,"xn-wppe-expiration":[],"xn-wppe-expiration-action":[],"xn-wppe-expiration-prefix":[],"inline_featured_image":false,"footnotes":""},"class_list":["post-320","page","type-page","status-publish","hentry"],"acf":[],"_links":{"self":[{"href":"https:\/\/arquidiocesebh.org.br\/santissimosacramento\/wp-json\/wp\/v2\/pages\/320","targetHints":{"allow":["GET"]}}],"collection":[{"href":"https:\/\/arquidiocesebh.org.br\/santissimosacramento\/wp-json\/wp\/v2\/pages"}],"about":[{"href":"https:\/\/arquidiocesebh.org.br\/santissimosacramento\/wp-json\/wp\/v2\/types\/page"}],"author":[{"embeddable":true,"href":"https:\/\/arquidiocesebh.org.br\/santissimosacramento\/wp-json\/wp\/v2\/users\/64"}],"replies":[{"embeddable":true,"href":"https:\/\/arquidiocesebh.org.br\/santissimosacramento\/wp-json\/wp\/v2\/comments?post=320"}],"version-history":[{"count":0,"href":"https:\/\/arquidiocesebh.org.br\/santissimosacramento\/wp-json\/wp\/v2\/pages\/320\/revisions"}],"wp:attachment":[{"href":"https:\/\/arquidiocesebh.org.br\/santissimosacramento\/wp-json\/wp\/v2\/media?parent=320"}],"curies":[{"name":"wp","href":"https:\/\/api.w.org\/{rel}","templated":true}]}}