{"id":6062,"date":"2023-08-20T15:38:48","date_gmt":"2023-08-20T18:38:48","guid":{"rendered":"https:\/\/arquidiocesebh.org.br\/regiao-rensc\/?page_id=6062"},"modified":"2024-05-17T19:29:21","modified_gmt":"2024-05-17T22:29:21","slug":"downloads","status":"publish","type":"page","link":"https:\/\/arquidiocesebh.org.br\/regiao-rensc\/downloads\/","title":{"rendered":"Downloads"},"content":{"rendered":"<p><span style=\"font-size: 24pt\">Apresenta\u00e7\u00f5es e documentos das Forma\u00e7\u00f5es da Rensc\u00a0<\/span><\/p>\n<hr \/>\n<h2>Novas Logos da RENSC e da Arquidiocese de BH &#8211; 2024<\/h2>\n<p><em><span style=\"font-size: 8pt\">Para baixar as logos basta clicar na imagem e ap\u00f3s abrir, clique com o bot\u00e3o direito do mouse e salvar imagem como.<\/span><\/em><\/p>\n<p>Apresenta\u00e7\u00e3o da Nova Marca da Arquidiocese de BH &#8211; 2024 <span style=\"font-size: 10pt\"><a href=\"https:\/\/arquidiocesebh.org.br\/regiao-rensc\/wp-content\/uploads\/sites\/48\/2024\/05\/apresentacao-nova-marca-v2.pdf\" target=\"_blank\" rel=\"nofollow noopener\"><img loading=\"lazy\" decoding=\"async\" src=\"https:\/\/arquidiocesebh.org.br\/regiao-rensc\/wp-content\/uploads\/sites\/48\/2023\/09\/1485481401-1-78612.png\" alt=\"\" width=\"24\" height=\"24\" \/><\/a><\/span><\/p>\n<table style=\"border-collapse: collapse;width: 43.9999%;height: 71px\">\n<tbody>\n<tr>\n<td style=\"width: 45.2517%\"><span style=\"font-size: 10pt\">Logo Rensc horizontal\u00a0 <a href=\"https:\/\/arquidiocesebh.org.br\/regiao-rensc\/wp-content\/uploads\/sites\/48\/2024\/05\/rensc--cor-h.png\" target=\"_blank\" rel=\"nofollow noopener\"><img loading=\"lazy\" decoding=\"async\" class=\"alignnone\" src=\"https:\/\/arquidiocesebh.org.br\/regiao-rensc\/wp-content\/uploads\/sites\/48\/2023\/09\/1485481401-1-78612.png\" alt=\"\" width=\"24\" height=\"24\" \/><\/a><\/span><\/td>\n<td style=\"width: 56.0933%\"><span style=\"font-size: 10pt\">Logo Rensc Branco horizontal <a href=\"https:\/\/arquidiocesebh.org.br\/regiao-rensc\/wp-content\/uploads\/sites\/48\/2024\/05\/rensc--b-h-vazadousar.png\" target=\"_blank\" rel=\"nofollow noopener\"><img loading=\"lazy\" decoding=\"async\" src=\"https:\/\/arquidiocesebh.org.br\/regiao-rensc\/wp-content\/uploads\/sites\/48\/2023\/09\/1485481401-1-78612.png\" alt=\"\" width=\"24\" height=\"24\" \/><\/a><\/span><\/td>\n<\/tr>\n<tr>\n<td style=\"width: 45.2517%\"><span style=\"font-size: 10pt\">Logo Rensc vertical <a href=\"https:\/\/arquidiocesebh.org.br\/regiao-rensc\/wp-content\/uploads\/sites\/48\/2024\/05\/rensc--cor-v-arq.png\" target=\"_blank\" rel=\"nofollow noopener\"><img loading=\"lazy\" decoding=\"async\" src=\"https:\/\/arquidiocesebh.org.br\/regiao-rensc\/wp-content\/uploads\/sites\/48\/2023\/09\/1485481401-1-78612.png\" alt=\"\" width=\"24\" height=\"24\" \/><\/a><\/span><\/td>\n<td style=\"width: 56.0933%\"><span style=\"font-size: 10pt\">Logo Rensc Vertical branco <\/span><a href=\"https:\/\/arquidiocesebh.org.br\/regiao-rensc\/wp-content\/uploads\/sites\/48\/2024\/05\/rensc--b-v-arq--vazado-usar.png\" target=\"_blank\" rel=\"nofollow noopener\"><img loading=\"lazy\" decoding=\"async\" src=\"https:\/\/arquidiocesebh.org.br\/regiao-rensc\/wp-content\/uploads\/sites\/48\/2023\/09\/1485481401-1-78612.png\" alt=\"\" width=\"24\" height=\"24\" \/><\/a><\/td>\n<\/tr>\n<\/tbody>\n<\/table>\n<table style=\"border-collapse: collapse;width: 43.9999%;height: 71px\">\n<tbody>\n<tr>\n<td style=\"width: 45.2517%\"><span style=\"font-size: 10pt\">Logo ARQBH\u00a0 <a href=\"https:\/\/arquidiocesebh.org.br\/regiao-rensc\/wp-content\/uploads\/sites\/48\/2024\/05\/arquidiocese-de-bh-cor-reduzida-arqbh.jpg\" target=\"_blank\" rel=\"nofollow noopener\"><img loading=\"lazy\" decoding=\"async\" class=\"alignnone\" src=\"https:\/\/arquidiocesebh.org.br\/regiao-rensc\/wp-content\/uploads\/sites\/48\/2023\/09\/1485481401-1-78612.png\" alt=\"\" width=\"24\" height=\"24\" \/><\/a><\/span><\/td>\n<td style=\"width: 56.0933%\"><span style=\"font-size: 10pt\">Logo ARQBH Branco <a href=\"https:\/\/arquidiocesebh.org.br\/regiao-rensc\/wp-content\/uploads\/sites\/48\/2024\/05\/arquidiocese-de-bh-branco-reduzida-arqbh.png\" target=\"_blank\" rel=\"nofollow noopener\"><img loading=\"lazy\" decoding=\"async\" src=\"https:\/\/arquidiocesebh.org.br\/regiao-rensc\/wp-content\/uploads\/sites\/48\/2023\/09\/1485481401-1-78612.png\" alt=\"\" width=\"24\" height=\"24\" \/><\/a><\/span><\/td>\n<\/tr>\n<tr>\n<td style=\"width: 45.2517%\"><span style=\"font-size: 10pt\">Logo Arquidiocese\u00a0 <a href=\"https:\/\/arquidiocesebh.org.br\/regiao-rensc\/wp-content\/uploads\/sites\/48\/2024\/05\/arquidiocese-de-bh-cor-arqbh.jpg\" target=\"_blank\" rel=\"nofollow noopener\"><img loading=\"lazy\" decoding=\"async\" src=\"https:\/\/arquidiocesebh.org.br\/regiao-rensc\/wp-content\/uploads\/sites\/48\/2023\/09\/1485481401-1-78612.png\" alt=\"\" width=\"24\" height=\"24\" \/><\/a><\/span><\/td>\n<td style=\"width: 56.0933%\"><span style=\"font-size: 10pt\">Logo Arquidiocese Branco<\/span> <a href=\"https:\/\/arquidiocesebh.org.br\/regiao-rensc\/wp-content\/uploads\/sites\/48\/2024\/05\/arquidiocese-de-bh-branco-arqbh.png\" target=\"_blank\" rel=\"nofollow noopener\"><img loading=\"lazy\" decoding=\"async\" src=\"https:\/\/arquidiocesebh.org.br\/regiao-rensc\/wp-content\/uploads\/sites\/48\/2023\/09\/1485481401-1-78612.png\" alt=\"\" width=\"24\" height=\"24\" \/><\/a><\/td>\n<\/tr>\n<\/tbody>\n<\/table>\n<hr \/>\n<table style=\"border-collapse: collapse;width: 43.9999%;height: 71px\">\n<tbody>\n<tr style=\"height: 40px\">\n<td style=\"width: 39.9906%;height: 40px\"><strong>Forma\u00e7\u00e3o para o m\u00eas Mission\u00e1rio &#8211; 19\/08\/2023<\/strong><\/td>\n<td style=\"width: 31.2086%;height: 40px\"><a href=\"https:\/\/arquidiocesebh.org.br\/regiao-rensc\/wp-content\/uploads\/sites\/48\/2023\/08\/apresentacao-cm-2023.pdf\"><img loading=\"lazy\" decoding=\"async\" class=\"wp-image-6069 alignnone\" src=\"https:\/\/arquidiocesebh.org.br\/regiao-rensc\/wp-content\/uploads\/sites\/48\/2023\/08\/download-button-png-picture.png\" alt=\"\" width=\"33\" height=\"33\" srcset=\"https:\/\/arquidiocesebh.org.br\/regiao-rensc\/wp-content\/uploads\/sites\/48\/2023\/08\/download-button-png-picture.png 560w, https:\/\/arquidiocesebh.org.br\/regiao-rensc\/wp-content\/uploads\/sites\/48\/2023\/08\/download-button-png-picture-300x300.png 300w, https:\/\/arquidiocesebh.org.br\/regiao-rensc\/wp-content\/uploads\/sites\/48\/2023\/08\/download-button-png-picture-150x150.png 150w, https:\/\/arquidiocesebh.org.br\/regiao-rensc\/wp-content\/uploads\/sites\/48\/2023\/08\/download-button-png-picture-107x107.png 107w, https:\/\/arquidiocesebh.org.br\/regiao-rensc\/wp-content\/uploads\/sites\/48\/2023\/08\/download-button-png-picture-204x204.png 204w, https:\/\/arquidiocesebh.org.br\/regiao-rensc\/wp-content\/uploads\/sites\/48\/2023\/08\/download-button-png-picture-209x209.png 209w, https:\/\/arquidiocesebh.org.br\/regiao-rensc\/wp-content\/uploads\/sites\/48\/2023\/08\/download-button-png-picture-157x157.png 157w, https:\/\/arquidiocesebh.org.br\/regiao-rensc\/wp-content\/uploads\/sites\/48\/2023\/08\/download-button-png-picture-88x88.png 88w, https:\/\/arquidiocesebh.org.br\/regiao-rensc\/wp-content\/uploads\/sites\/48\/2023\/08\/download-button-png-picture-500x500.png 500w, https:\/\/arquidiocesebh.org.br\/regiao-rensc\/wp-content\/uploads\/sites\/48\/2023\/08\/download-button-png-picture-42x42.png 42w\" sizes=\"auto, (max-width: 33px) 100vw, 33px\" \/><\/a> <a href=\"https:\/\/arquidiocesebh.org.br\/regiao-rensc\/wp-content\/uploads\/sites\/48\/2023\/08\/apresentacao-cm-2023.pdf\">Apresentacao-CM-2023<\/a><\/td>\n<\/tr>\n<tr style=\"height: 40px\">\n<td style=\"width: 39.9906%;height: 40px\"><strong>Conselho Pastoral Ampliado &#8211; 23\/09\/2023<\/strong><\/td>\n<td style=\"width: 31.2086%;height: 40px\"><img loading=\"lazy\" decoding=\"async\" class=\"wp-image-6069 alignnone\" src=\"https:\/\/arquidiocesebh.org.br\/regiao-rensc\/wp-content\/uploads\/sites\/48\/2023\/08\/download-button-png-picture.png\" alt=\"\" width=\"33\" height=\"33\" srcset=\"https:\/\/arquidiocesebh.org.br\/regiao-rensc\/wp-content\/uploads\/sites\/48\/2023\/08\/download-button-png-picture.png 560w, https:\/\/arquidiocesebh.org.br\/regiao-rensc\/wp-content\/uploads\/sites\/48\/2023\/08\/download-button-png-picture-300x300.png 300w, https:\/\/arquidiocesebh.org.br\/regiao-rensc\/wp-content\/uploads\/sites\/48\/2023\/08\/download-button-png-picture-150x150.png 150w, https:\/\/arquidiocesebh.org.br\/regiao-rensc\/wp-content\/uploads\/sites\/48\/2023\/08\/download-button-png-picture-107x107.png 107w, https:\/\/arquidiocesebh.org.br\/regiao-rensc\/wp-content\/uploads\/sites\/48\/2023\/08\/download-button-png-picture-204x204.png 204w, https:\/\/arquidiocesebh.org.br\/regiao-rensc\/wp-content\/uploads\/sites\/48\/2023\/08\/download-button-png-picture-209x209.png 209w, https:\/\/arquidiocesebh.org.br\/regiao-rensc\/wp-content\/uploads\/sites\/48\/2023\/08\/download-button-png-picture-157x157.png 157w, https:\/\/arquidiocesebh.org.br\/regiao-rensc\/wp-content\/uploads\/sites\/48\/2023\/08\/download-button-png-picture-88x88.png 88w, https:\/\/arquidiocesebh.org.br\/regiao-rensc\/wp-content\/uploads\/sites\/48\/2023\/08\/download-button-png-picture-500x500.png 500w, https:\/\/arquidiocesebh.org.br\/regiao-rensc\/wp-content\/uploads\/sites\/48\/2023\/08\/download-button-png-picture-42x42.png 42w\" sizes=\"auto, (max-width: 33px) 100vw, 33px\" \/><a href=\"https:\/\/arquidiocesebh.org.br\/regiao-rensc\/wp-content\/uploads\/sites\/48\/2023\/09\/conselho-presbiteral.pptx\">Apresenta\u00e7\u00e3o Padre Filipe<\/a><\/td>\n<\/tr>\n<tr style=\"height: 40px\">\n<td style=\"width: 39.9906%;height: 40px\"><strong>Forma\u00e7\u00e3o Liturgia \/ Catequese &#8211; 30\/09\/2023<\/strong><\/td>\n<td style=\"width: 31.2086%;height: 40px\"><img loading=\"lazy\" decoding=\"async\" class=\"wp-image-6069 alignnone\" src=\"https:\/\/arquidiocesebh.org.br\/regiao-rensc\/wp-content\/uploads\/sites\/48\/2023\/08\/download-button-png-picture.png\" alt=\"\" width=\"33\" height=\"33\" srcset=\"https:\/\/arquidiocesebh.org.br\/regiao-rensc\/wp-content\/uploads\/sites\/48\/2023\/08\/download-button-png-picture.png 560w, https:\/\/arquidiocesebh.org.br\/regiao-rensc\/wp-content\/uploads\/sites\/48\/2023\/08\/download-button-png-picture-300x300.png 300w, https:\/\/arquidiocesebh.org.br\/regiao-rensc\/wp-content\/uploads\/sites\/48\/2023\/08\/download-button-png-picture-150x150.png 150w, https:\/\/arquidiocesebh.org.br\/regiao-rensc\/wp-content\/uploads\/sites\/48\/2023\/08\/download-button-png-picture-107x107.png 107w, https:\/\/arquidiocesebh.org.br\/regiao-rensc\/wp-content\/uploads\/sites\/48\/2023\/08\/download-button-png-picture-204x204.png 204w, https:\/\/arquidiocesebh.org.br\/regiao-rensc\/wp-content\/uploads\/sites\/48\/2023\/08\/download-button-png-picture-209x209.png 209w, https:\/\/arquidiocesebh.org.br\/regiao-rensc\/wp-content\/uploads\/sites\/48\/2023\/08\/download-button-png-picture-157x157.png 157w, https:\/\/arquidiocesebh.org.br\/regiao-rensc\/wp-content\/uploads\/sites\/48\/2023\/08\/download-button-png-picture-88x88.png 88w, https:\/\/arquidiocesebh.org.br\/regiao-rensc\/wp-content\/uploads\/sites\/48\/2023\/08\/download-button-png-picture-500x500.png 500w, https:\/\/arquidiocesebh.org.br\/regiao-rensc\/wp-content\/uploads\/sites\/48\/2023\/08\/download-button-png-picture-42x42.png 42w\" sizes=\"auto, (max-width: 33px) 100vw, 33px\" \/><a href=\"https:\/\/arquidiocesebh.org.br\/regiao-rensc\/wp-content\/uploads\/sites\/48\/2023\/10\/catequese-e-liturgia-30-de-setembro.pdf\"> Apresenta\u00e7\u00e3o Catequese e Liturgia<\/a><\/td>\n<\/tr>\n<tr style=\"height: 24px\">\n<td style=\"width: 39.9906%;height: 24px\"><strong>DNJ &#8211; JUVENTUDES RENSC -21\/10\/2023<\/strong><\/td>\n<td style=\"width: 31.2086%;height: 24px\"><img loading=\"lazy\" decoding=\"async\" class=\"wp-image-6069 alignnone\" src=\"https:\/\/arquidiocesebh.org.br\/regiao-rensc\/wp-content\/uploads\/sites\/48\/2023\/08\/download-button-png-picture.png\" alt=\"\" width=\"33\" height=\"33\" srcset=\"https:\/\/arquidiocesebh.org.br\/regiao-rensc\/wp-content\/uploads\/sites\/48\/2023\/08\/download-button-png-picture.png 560w, https:\/\/arquidiocesebh.org.br\/regiao-rensc\/wp-content\/uploads\/sites\/48\/2023\/08\/download-button-png-picture-300x300.png 300w, https:\/\/arquidiocesebh.org.br\/regiao-rensc\/wp-content\/uploads\/sites\/48\/2023\/08\/download-button-png-picture-150x150.png 150w, https:\/\/arquidiocesebh.org.br\/regiao-rensc\/wp-content\/uploads\/sites\/48\/2023\/08\/download-button-png-picture-107x107.png 107w, https:\/\/arquidiocesebh.org.br\/regiao-rensc\/wp-content\/uploads\/sites\/48\/2023\/08\/download-button-png-picture-204x204.png 204w, https:\/\/arquidiocesebh.org.br\/regiao-rensc\/wp-content\/uploads\/sites\/48\/2023\/08\/download-button-png-picture-209x209.png 209w, https:\/\/arquidiocesebh.org.br\/regiao-rensc\/wp-content\/uploads\/sites\/48\/2023\/08\/download-button-png-picture-157x157.png 157w, https:\/\/arquidiocesebh.org.br\/regiao-rensc\/wp-content\/uploads\/sites\/48\/2023\/08\/download-button-png-picture-88x88.png 88w, https:\/\/arquidiocesebh.org.br\/regiao-rensc\/wp-content\/uploads\/sites\/48\/2023\/08\/download-button-png-picture-500x500.png 500w, https:\/\/arquidiocesebh.org.br\/regiao-rensc\/wp-content\/uploads\/sites\/48\/2023\/08\/download-button-png-picture-42x42.png 42w\" sizes=\"auto, (max-width: 33px) 100vw, 33px\" \/> <a href=\"https:\/\/drive.google.com\/drive\/folders\/1u0ut7Lm_yP6EJn4sgYsqFDCNdPA1OosR?usp=share_link\" target=\"_blank\" rel=\"noopener\">Fotos e videos<\/a><\/td>\n<\/tr>\n<\/tbody>\n<\/table>\n<p>&nbsp;<\/p>\n<p>&nbsp;<\/p>\n<p>&nbsp;<\/p>\n","protected":false},"excerpt":{"rendered":"<p>Apresenta\u00e7\u00f5es e documentos das Forma\u00e7\u00f5es da Rensc\u00a0 Novas Logos da RENSC e da Arquidiocese de BH &#8211; 2024 Para baixar as logos basta clicar na imagem e ap\u00f3s abrir, clique com o bot\u00e3o direito do mouse e salvar imagem como. Apresenta\u00e7\u00e3o da Nova Marca da Arquidiocese de BH &#8211; 2024 Logo Rensc horizontal\u00a0 Logo Rensc [&hellip;]<\/p>\n","protected":false},"author":94,"featured_media":0,"parent":0,"menu_order":0,"comment_status":"closed","ping_status":"closed","template":"","meta":{"_acf_changed":false,"xn-wppe-expiration":[],"xn-wppe-expiration-action":[],"xn-wppe-expiration-prefix":[],"inline_featured_image":false,"footnotes":""},"class_list":["post-6062","page","type-page","status-publish","hentry"],"acf":[],"_links":{"self":[{"href":"https:\/\/arquidiocesebh.org.br\/regiao-rensc\/wp-json\/wp\/v2\/pages\/6062","targetHints":{"allow":["GET"]}}],"collection":[{"href":"https:\/\/arquidiocesebh.org.br\/regiao-rensc\/wp-json\/wp\/v2\/pages"}],"about":[{"href":"https:\/\/arquidiocesebh.org.br\/regiao-rensc\/wp-json\/wp\/v2\/types\/page"}],"author":[{"embeddable":true,"href":"https:\/\/arquidiocesebh.org.br\/regiao-rensc\/wp-json\/wp\/v2\/users\/94"}],"replies":[{"embeddable":true,"href":"https:\/\/arquidiocesebh.org.br\/regiao-rensc\/wp-json\/wp\/v2\/comments?post=6062"}],"version-history":[{"count":0,"href":"https:\/\/arquidiocesebh.org.br\/regiao-rensc\/wp-json\/wp\/v2\/pages\/6062\/revisions"}],"wp:attachment":[{"href":"https:\/\/arquidiocesebh.org.br\/regiao-rensc\/wp-json\/wp\/v2\/media?parent=6062"}],"curies":[{"name":"wp","href":"https:\/\/api.w.org\/{rel}","templated":true}]}}