{"id":1634,"date":"2021-06-04T15:32:54","date_gmt":"2021-06-04T18:32:54","guid":{"rendered":"https:\/\/arquidiocesebh.org.br\/regiao-rensc\/?page_id=1634"},"modified":"2023-03-17T15:47:06","modified_gmt":"2023-03-17T18:47:06","slug":"mensagem-do-bispo-referencial","status":"publish","type":"page","link":"https:\/\/arquidiocesebh.org.br\/regiao-rensc\/a-regiao\/mensagem-do-bispo-referencial\/","title":{"rendered":"Mensagem do bispo"},"content":{"rendered":"<p>A qual convers\u00e3o a Quaresma nos convida, pessoalmente e como comunidade?<\/p>\n<p>Quaisquer que sejam as lutas no caminho de f\u00e9 e convers\u00e3o de cada um de n\u00f3s, sabemos a meta para a qual somos todos chamados: \u201ctodo disc\u00edpulo bem formado ser\u00e1 como o seu mestre\u201d (Lc 6,40).<\/p>\n<p>Para isso, \u00e9-nos dado contemplar, acolher e viver a riqueza imensa de gra\u00e7a que nosso Mestre e Senhor nos oferece nele mesmo e em sua Igreja. O convite do Papa Francisco a redescobrirmos o \u201ctodos juntos\u201d (a sinodalidade) no nosso caminho eclesial nos abre a esse tra\u00e7o da fisionomia de Cristo que Ele quer fazer resplandecer em n\u00f3s, seu Corpo, seus disc\u00edpulos, seus amigos: a vida em comunidade, vida de servi\u00e7o. Assim viveu Jesus, em nosso favor.<\/p>\n<p>Assim chama a viver os seus disc\u00edpulos, seguindo seus passos (ler Mc 8,34-36; 1Jo 2,6).<\/p>\n<p>\u00c9 verdade que Jesus quer encontrar-nos na ora\u00e7\u00e3o pessoal, na solid\u00e3o de nossa intimidade aberta \u00e0 sua gra\u00e7a. Mas ele manifesta sua decis\u00e3o de encontrar-nos tamb\u00e9m juntos: \u201conde dois ou tr\u00eas estiverem reunidos em meu nome, eu estou no meio deles\u201d (Mt 18,20); \u201ceu estou no meio de v\u00f3s\u201d (Lc 22,27). Reunamo-nos, pois, em seu nome, isto \u00e9, por causa dele e do jeito que ele quer e nos ensinou, para escutar e aprender seus ensinamentos (ler Mc 4,10-11), para cuidarmos uns dos outros no amor m\u00fatuo (ler Jo 13,34-35), enfim, para o seu servi\u00e7o (ler Jo 13,12-15; Mt 25,34-36).<\/p>\n<p>Vida em comunidade, vida de servi\u00e7o.<\/p>\n<p>As pequenas comunidades em nossas par\u00f3quias, mesmo os grupos de pastoral, de ora\u00e7\u00e3o e movimentos eclesiais, o conv\u00edvio entre n\u00f3s ministros ordenados, tudo isso \u00e9 um imenso dom como espa\u00e7o para vivermos essa gra\u00e7a: Jesus Salvador e Servidor no meio de n\u00f3s, nosso Mestre de vida de comunh\u00e3o e servi\u00e7o.<br \/>\nEu estou no meio de v\u00f3s como aquele que serve\u201d (Lc 22,27).<\/p>\n<p><strong><em>Dom J\u00falio C\u00e9sar Gomes Moreira\u00a0<\/em><\/strong><\/p>\n<p>Bispo Auxiliar da Arquidiocese de Belo Horizonte e\u00a0 referencial para Regi\u00e3o Episcopal Nossa Senhora da Concei\u00e7\u00e3o<\/p>\n<p><img loading=\"lazy\" decoding=\"async\" class=\"alignnone size-full wp-image-3405\" src=\"https:\/\/arquidiocesebh.org.br\/regiao-rensc\/wp-content\/uploads\/sites\/48\/2022\/04\/whatsapp-image-2022-04-18-at-16.50.40.jpeg\" alt=\"\" width=\"1280\" height=\"960\" srcset=\"https:\/\/arquidiocesebh.org.br\/regiao-rensc\/wp-content\/uploads\/sites\/48\/2022\/04\/whatsapp-image-2022-04-18-at-16.50.40.jpeg 1280w, https:\/\/arquidiocesebh.org.br\/regiao-rensc\/wp-content\/uploads\/sites\/48\/2022\/04\/whatsapp-image-2022-04-18-at-16.50.40-300x225.jpeg 300w, https:\/\/arquidiocesebh.org.br\/regiao-rensc\/wp-content\/uploads\/sites\/48\/2022\/04\/whatsapp-image-2022-04-18-at-16.50.40-1024x768.jpeg 1024w, https:\/\/arquidiocesebh.org.br\/regiao-rensc\/wp-content\/uploads\/sites\/48\/2022\/04\/whatsapp-image-2022-04-18-at-16.50.40-768x576.jpeg 768w, https:\/\/arquidiocesebh.org.br\/regiao-rensc\/wp-content\/uploads\/sites\/48\/2022\/04\/whatsapp-image-2022-04-18-at-16.50.40-800x600.jpeg 800w, https:\/\/arquidiocesebh.org.br\/regiao-rensc\/wp-content\/uploads\/sites\/48\/2022\/04\/whatsapp-image-2022-04-18-at-16.50.40-224x168.jpeg 224w\" sizes=\"auto, (max-width: 1280px) 100vw, 1280px\" \/><\/p>\n","protected":false},"excerpt":{"rendered":"<p>A qual convers\u00e3o a Quaresma nos convida, pessoalmente e como comunidade? Quaisquer que sejam as lutas no caminho de f\u00e9 e convers\u00e3o de cada um de n\u00f3s, sabemos a meta para a qual somos todos chamados: \u201ctodo disc\u00edpulo bem formado ser\u00e1 como o seu mestre\u201d (Lc 6,40). Para isso, \u00e9-nos dado contemplar, acolher e viver [&hellip;]<\/p>\n","protected":false},"author":86,"featured_media":0,"parent":1135,"menu_order":0,"comment_status":"closed","ping_status":"closed","template":"","meta":{"_acf_changed":false,"xn-wppe-expiration":[],"xn-wppe-expiration-action":[],"xn-wppe-expiration-prefix":[],"inline_featured_image":false,"footnotes":""},"class_list":["post-1634","page","type-page","status-publish","hentry"],"acf":[],"_links":{"self":[{"href":"https:\/\/arquidiocesebh.org.br\/regiao-rensc\/wp-json\/wp\/v2\/pages\/1634","targetHints":{"allow":["GET"]}}],"collection":[{"href":"https:\/\/arquidiocesebh.org.br\/regiao-rensc\/wp-json\/wp\/v2\/pages"}],"about":[{"href":"https:\/\/arquidiocesebh.org.br\/regiao-rensc\/wp-json\/wp\/v2\/types\/page"}],"author":[{"embeddable":true,"href":"https:\/\/arquidiocesebh.org.br\/regiao-rensc\/wp-json\/wp\/v2\/users\/86"}],"replies":[{"embeddable":true,"href":"https:\/\/arquidiocesebh.org.br\/regiao-rensc\/wp-json\/wp\/v2\/comments?post=1634"}],"version-history":[{"count":0,"href":"https:\/\/arquidiocesebh.org.br\/regiao-rensc\/wp-json\/wp\/v2\/pages\/1634\/revisions"}],"up":[{"embeddable":true,"href":"https:\/\/arquidiocesebh.org.br\/regiao-rensc\/wp-json\/wp\/v2\/pages\/1135"}],"wp:attachment":[{"href":"https:\/\/arquidiocesebh.org.br\/regiao-rensc\/wp-json\/wp\/v2\/media?parent=1634"}],"curies":[{"name":"wp","href":"https:\/\/api.w.org\/{rel}","templated":true}]}}