{"id":1618,"date":"2021-06-04T15:11:39","date_gmt":"2021-06-04T18:11:39","guid":{"rendered":"https:\/\/arquidiocesebh.org.br\/regiao-rensc\/?page_id=1618"},"modified":"2021-06-30T15:22:51","modified_gmt":"2021-06-30T18:22:51","slug":"bispo-auxiliar","status":"publish","type":"page","link":"https:\/\/arquidiocesebh.org.br\/regiao-rensc\/a-regiao\/bispo-auxiliar\/","title":{"rendered":"Dom J\u00falio C\u00e9sar Gomes Moreira"},"content":{"rendered":"<p><img loading=\"lazy\" decoding=\"async\" class=\" wp-image-1726 alignright\" src=\"https:\/\/arquidiocesebh.org.br\/regiao-rensc\/wp-content\/uploads\/sites\/48\/2021\/06\/dom-julio-400x600-200x300.jpeg\" alt=\"\" width=\"287\" height=\"431\" srcset=\"https:\/\/arquidiocesebh.org.br\/regiao-rensc\/wp-content\/uploads\/sites\/48\/2021\/06\/dom-julio-400x600-200x300.jpeg 200w, https:\/\/arquidiocesebh.org.br\/regiao-rensc\/wp-content\/uploads\/sites\/48\/2021\/06\/dom-julio-400x600.jpeg 400w, https:\/\/arquidiocesebh.org.br\/regiao-rensc\/wp-content\/uploads\/sites\/48\/2021\/06\/dom-julio-400x600-139x209.jpeg 139w\" sizes=\"auto, (max-width: 287px) 100vw, 287px\" \/><strong>Ordenado bispo no dia 13 de fevereiro de 2021, na Catedral Nossa Senhora Aparecida, em Bras\u00edlia, Dom J\u00falio C\u00e9sar Gomes Moreira \u00e9 referencial para a Regi\u00e3o Episcopal Nossa Senhora da Concei\u00e7\u00e3o, da Arquidiocese de Belo Horizonte. Foi nomeado bispo auxiliar da Arquidiocese pelo Papa Francisco no dia 23 de dezembro de 2020.<\/strong><\/p>\n<p>Filho de Lu\u00eds Gonzaga Moreira e Maria Janete Gomes Moreira, Dom J\u00falio nasceu em Fortaleza (CE), em 18 de mar\u00e7o de 1972. Bacharelou-se em Psicologia pela Universidade de Bras\u00edlia em 1997 e em Filosofia e Teologia no Semin\u00e1rio Maior Arquidiocesano de Bras\u00edlia Nossa Senhora de F\u00e1tima, em 2003. Especializou-se em An\u00e1lise Existencial e Logoterapia de Viktor Frankl (2011-2012).<\/p>\n<p>Foi ordenado padre da Arquidiocese de Bras\u00edlia em 6 de dezembro de 2003. Atuou como p\u00e1roco da Par\u00f3quia S\u00e3o Jos\u00e9, em Brazl\u00e2ndia (DF) de 2004 a 2005. Tamb\u00e9m foi formador no semin\u00e1rio maior Nossa Senhora de F\u00e1tima da Arquidiocese de Bras\u00edlia de 2006 a 2007 e no Semin\u00e1rio Proped\u00eautico S\u00e3o Jos\u00e9, de Bras\u00edlia, de 2008 a 2010. De 2011 a 2015, foi reitor do Semin\u00e1rio Maior Interdiocesano S\u00e3o Jo\u00e3o Maria Vianney e do Semin\u00e1rio Proped\u00eautico Santa Cruz, em Goi\u00e2nia.<\/p>\n<p><img loading=\"lazy\" decoding=\"async\" class=\"alignleft wp-image-123453 img-responsive\" src=\"https:\/\/arquidiocesebh.org.br\/wp-content\/uploads\/2021\/02\/brasao-dom-julio.jpg\" alt=\"\" width=\"171\" height=\"177\" \/>Tamb\u00e9m colaborou no Santu\u00e1rio do Sant\u00edssimo Sacramento, em Bras\u00edlia, em 2016, e foi vig\u00e1rio episcopal do vicariato Centro de Bras\u00edlia, no mesmo ano. Foi coordenador da Comiss\u00e3o do Clero de Bras\u00edlia (2019-2020), membro do Col\u00e9gio dos Consultores e P\u00e1roco da par\u00f3quia Nossa Senhora do Ros\u00e1rio de F\u00e1tima, Sobradinho-DF (2017-2020).<\/p>\n","protected":false},"excerpt":{"rendered":"<p>Ordenado bispo no dia 13 de fevereiro de 2021, na Catedral Nossa Senhora Aparecida, em Bras\u00edlia, Dom J\u00falio C\u00e9sar Gomes Moreira \u00e9 referencial para a Regi\u00e3o Episcopal Nossa Senhora da Concei\u00e7\u00e3o, da Arquidiocese de Belo Horizonte. Foi nomeado bispo auxiliar da Arquidiocese pelo Papa Francisco no dia 23 de dezembro de 2020. Filho de Lu\u00eds [&hellip;]<\/p>\n","protected":false},"author":86,"featured_media":0,"parent":1135,"menu_order":0,"comment_status":"closed","ping_status":"closed","template":"","meta":{"_acf_changed":false,"xn-wppe-expiration":[],"xn-wppe-expiration-action":[],"xn-wppe-expiration-prefix":[],"inline_featured_image":false,"footnotes":""},"class_list":["post-1618","page","type-page","status-publish","hentry"],"acf":[],"_links":{"self":[{"href":"https:\/\/arquidiocesebh.org.br\/regiao-rensc\/wp-json\/wp\/v2\/pages\/1618","targetHints":{"allow":["GET"]}}],"collection":[{"href":"https:\/\/arquidiocesebh.org.br\/regiao-rensc\/wp-json\/wp\/v2\/pages"}],"about":[{"href":"https:\/\/arquidiocesebh.org.br\/regiao-rensc\/wp-json\/wp\/v2\/types\/page"}],"author":[{"embeddable":true,"href":"https:\/\/arquidiocesebh.org.br\/regiao-rensc\/wp-json\/wp\/v2\/users\/86"}],"replies":[{"embeddable":true,"href":"https:\/\/arquidiocesebh.org.br\/regiao-rensc\/wp-json\/wp\/v2\/comments?post=1618"}],"version-history":[{"count":0,"href":"https:\/\/arquidiocesebh.org.br\/regiao-rensc\/wp-json\/wp\/v2\/pages\/1618\/revisions"}],"up":[{"embeddable":true,"href":"https:\/\/arquidiocesebh.org.br\/regiao-rensc\/wp-json\/wp\/v2\/pages\/1135"}],"wp:attachment":[{"href":"https:\/\/arquidiocesebh.org.br\/regiao-rensc\/wp-json\/wp\/v2\/media?parent=1618"}],"curies":[{"name":"wp","href":"https:\/\/api.w.org\/{rel}","templated":true}]}}