{"id":1139,"date":"2021-01-15T12:38:18","date_gmt":"2021-01-15T15:38:18","guid":{"rendered":"https:\/\/arquidiocesebh.org.br\/regiao-rensa\/?page_id=1139"},"modified":"2023-11-21T11:38:49","modified_gmt":"2023-11-21T14:38:49","slug":"foranias-e-paroquias","status":"publish","type":"page","link":"https:\/\/arquidiocesebh.org.br\/regiao-rensc\/a-regiao\/foranias-e-paroquias\/","title":{"rendered":"Foranias e Par\u00f3quias"},"content":{"rendered":"<p>A Regi\u00e3o Episcopal Nossa Senhora Concei\u00e7\u00e3o (Rensc) \u00e9 composta por 81 par\u00f3quias, distribu\u00eddas em 10 foranias, nas cidades de Belo Horizonte, Santa Luzia, Sabar\u00e1, Vespasiano, S\u00e3o Jose da Lapa, Ribeir\u00e3o das Neves, Pedro Leopoldo, Lagoa Santa e Confins.<\/p>\n<p>&nbsp;<\/p>\n<p><b>LISTA DE PAR\u00d3QUIAS POR FORANIAS:<\/b><\/p>\n","protected":false},"excerpt":{"rendered":"<p>A Regi\u00e3o Episcopal Nossa Senhora Concei\u00e7\u00e3o (Rensc) \u00e9 composta por 81 par\u00f3quias, distribu\u00eddas em 10 foranias, nas cidades de Belo Horizonte, Santa Luzia, Sabar\u00e1, Vespasiano, S\u00e3o Jose da Lapa, Ribeir\u00e3o das Neves, Pedro Leopoldo, Lagoa Santa e Confins. &nbsp; LISTA DE PAR\u00d3QUIAS POR FORANIAS:<\/p>\n","protected":false},"author":86,"featured_media":0,"parent":1135,"menu_order":0,"comment_status":"closed","ping_status":"closed","template":"","meta":{"_acf_changed":false,"xn-wppe-expiration":[],"xn-wppe-expiration-action":[],"xn-wppe-expiration-prefix":[],"inline_featured_image":false,"footnotes":""},"class_list":["post-1139","page","type-page","status-publish","hentry"],"acf":[],"_links":{"self":[{"href":"https:\/\/arquidiocesebh.org.br\/regiao-rensc\/wp-json\/wp\/v2\/pages\/1139","targetHints":{"allow":["GET"]}}],"collection":[{"href":"https:\/\/arquidiocesebh.org.br\/regiao-rensc\/wp-json\/wp\/v2\/pages"}],"about":[{"href":"https:\/\/arquidiocesebh.org.br\/regiao-rensc\/wp-json\/wp\/v2\/types\/page"}],"author":[{"embeddable":true,"href":"https:\/\/arquidiocesebh.org.br\/regiao-rensc\/wp-json\/wp\/v2\/users\/86"}],"replies":[{"embeddable":true,"href":"https:\/\/arquidiocesebh.org.br\/regiao-rensc\/wp-json\/wp\/v2\/comments?post=1139"}],"version-history":[{"count":0,"href":"https:\/\/arquidiocesebh.org.br\/regiao-rensc\/wp-json\/wp\/v2\/pages\/1139\/revisions"}],"up":[{"embeddable":true,"href":"https:\/\/arquidiocesebh.org.br\/regiao-rensc\/wp-json\/wp\/v2\/pages\/1135"}],"wp:attachment":[{"href":"https:\/\/arquidiocesebh.org.br\/regiao-rensc\/wp-json\/wp\/v2\/media?parent=1139"}],"curies":[{"name":"wp","href":"https:\/\/api.w.org\/{rel}","templated":true}]}}