{"id":61,"date":"2017-06-16T12:07:26","date_gmt":"2017-06-16T15:07:26","guid":{"rendered":"http:\/\/arquidiocesebh.org.br\/paroquia-sao-goncalo\/?page_id=61"},"modified":"2023-05-31T13:23:03","modified_gmt":"2023-05-31T16:23:03","slug":"padroeiro","status":"publish","type":"page","link":"https:\/\/arquidiocesebh.org.br\/paroquiasaojosevespasiano\/paroquia\/padroeiro\/","title":{"rendered":"Padroeiro"},"content":{"rendered":"<h1>S\u00e3o Jos\u00e9<\/h1>\n<p><img loading=\"lazy\" decoding=\"async\" class=\"wp-image-755 size-full alignleft\" src=\"https:\/\/arquidiocesebh.org.br\/paroquiasaojosevespasiano\/wp-content\/uploads\/sites\/72\/2023\/05\/vidraca-paroquia-sao-jose-vespasiano.jpg\" alt=\"\" width=\"300\" height=\"449\" srcset=\"https:\/\/arquidiocesebh.org.br\/paroquiasaojosevespasiano\/wp-content\/uploads\/sites\/72\/2023\/05\/vidraca-paroquia-sao-jose-vespasiano.jpg 300w, https:\/\/arquidiocesebh.org.br\/paroquiasaojosevespasiano\/wp-content\/uploads\/sites\/72\/2023\/05\/vidraca-paroquia-sao-jose-vespasiano-200x300.jpg 200w, https:\/\/arquidiocesebh.org.br\/paroquiasaojosevespasiano\/wp-content\/uploads\/sites\/72\/2023\/05\/vidraca-paroquia-sao-jose-vespasiano-140x209.jpg 140w\" sizes=\"auto, (max-width: 300px) 100vw, 300px\" \/> S\u00e3o Jos\u00e9 era carpinteiro na Galil\u00e9ia e marido da Virgem Maria, protetor da Sagrada Fam\u00edlia, foi escolhido por Deus para ser o patrono de toda a Igreja de Cristo. Esteve ao lado de Maria em todos os momentos, principalmente na hora do parto, que aconteceu em um est\u00e1bulo, em Bel\u00e9m. Educou e protegeu o menino Jesus, com o amor de Deus-Pai. S\u00e3o Jos\u00e9 foi um homem justo, trabalhador e exemplo de pai. A simplicidade e a fidelidade fizeram de S\u00e3o Jos\u00e9 o protetor escolhido para Maria e para o pr\u00f3prio Jesus, bem como para todos n\u00f3s.<\/p>\n<p><em>(Fonte: https:\/\/www.nossasagradafamilia.com.br\/historia-dos-santos\/historia-de-sao-jose)<\/em><\/p>\n<p>&nbsp;<\/p>\n<p>&nbsp;<\/p>\n<p>&nbsp;<\/p>\n<p style=\"text-align: right;\">de mar\u00e7o de 2018.<\/p>\n","protected":false},"excerpt":{"rendered":"<p>S\u00e3o Jos\u00e9 S\u00e3o Jos\u00e9 era carpinteiro na Galil\u00e9ia e marido da Virgem Maria, protetor da Sagrada Fam\u00edlia, foi escolhido por Deus para ser o patrono de toda a Igreja de Cristo. Esteve ao lado de Maria em todos os momentos, principalmente na hora do parto, que aconteceu em um est\u00e1bulo, em Bel\u00e9m. Educou e protegeu [&hellip;]<\/p>\n","protected":false},"author":64,"featured_media":0,"parent":51,"menu_order":0,"comment_status":"closed","ping_status":"closed","template":"","meta":{"_acf_changed":false,"xn-wppe-expiration":[],"xn-wppe-expiration-action":[],"xn-wppe-expiration-prefix":[],"inline_featured_image":false,"footnotes":""},"class_list":["post-61","page","type-page","status-publish","hentry"],"acf":[],"_links":{"self":[{"href":"https:\/\/arquidiocesebh.org.br\/paroquiasaojosevespasiano\/wp-json\/wp\/v2\/pages\/61","targetHints":{"allow":["GET"]}}],"collection":[{"href":"https:\/\/arquidiocesebh.org.br\/paroquiasaojosevespasiano\/wp-json\/wp\/v2\/pages"}],"about":[{"href":"https:\/\/arquidiocesebh.org.br\/paroquiasaojosevespasiano\/wp-json\/wp\/v2\/types\/page"}],"author":[{"embeddable":true,"href":"https:\/\/arquidiocesebh.org.br\/paroquiasaojosevespasiano\/wp-json\/wp\/v2\/users\/64"}],"replies":[{"embeddable":true,"href":"https:\/\/arquidiocesebh.org.br\/paroquiasaojosevespasiano\/wp-json\/wp\/v2\/comments?post=61"}],"version-history":[{"count":0,"href":"https:\/\/arquidiocesebh.org.br\/paroquiasaojosevespasiano\/wp-json\/wp\/v2\/pages\/61\/revisions"}],"up":[{"embeddable":true,"href":"https:\/\/arquidiocesebh.org.br\/paroquiasaojosevespasiano\/wp-json\/wp\/v2\/pages\/51"}],"wp:attachment":[{"href":"https:\/\/arquidiocesebh.org.br\/paroquiasaojosevespasiano\/wp-json\/wp\/v2\/media?parent=61"}],"curies":[{"name":"wp","href":"https:\/\/api.w.org\/{rel}","templated":true}]}}