{"id":344,"date":"2022-12-27T16:42:50","date_gmt":"2022-12-27T19:42:50","guid":{"rendered":"https:\/\/arquidiocesebh.org.br\/paroquiasaojosevespasiano\/?page_id=344"},"modified":"2023-06-19T11:48:36","modified_gmt":"2023-06-19T14:48:36","slug":"casamentos","status":"publish","type":"page","link":"https:\/\/arquidiocesebh.org.br\/paroquiasaojosevespasiano\/casamentos\/","title":{"rendered":"Casamentos"},"content":{"rendered":"<p><strong>(DOCUMENTOS)<\/strong><\/p>\n<p>Para celebrar o seu casamento na Par\u00f3quia S\u00e3o Jos\u00e9 \u00e9 necess\u00e1rio apresentar na Secretaria Paroquial, os documentos abaixo solicitados, ao menos tr\u00eas meses antes:<br \/>\n\u25cf Certid\u00e3o de Batismo dos nubentes (c\u00f3pia recente \u2013 6 meses)<br \/>\n\u25cf C\u00f3pia do certificado do Curso de Noivos<br \/>\n\u25cf C\u00f3pia da carteira de identidade (n\u00e3o pode ser CNH)<br \/>\n\u25cf C\u00f3pia do comprovante de resid\u00eancia<br \/>\n\u25cf C\u00f3pia comprovante de marca\u00e7\u00e3o do Casamento Civil ou Certid\u00e3o de Casamento<\/p>\n","protected":false},"excerpt":{"rendered":"<p>(DOCUMENTOS) Para celebrar o seu casamento na Par\u00f3quia S\u00e3o Jos\u00e9 \u00e9 necess\u00e1rio apresentar na Secretaria Paroquial, os documentos abaixo solicitados, ao menos tr\u00eas meses antes: \u25cf Certid\u00e3o de Batismo dos nubentes (c\u00f3pia recente \u2013 6 meses) \u25cf C\u00f3pia do certificado do Curso de Noivos \u25cf C\u00f3pia da carteira de identidade (n\u00e3o pode ser CNH) \u25cf [&hellip;]<\/p>\n","protected":false},"author":64,"featured_media":0,"parent":0,"menu_order":0,"comment_status":"closed","ping_status":"closed","template":"","meta":{"_acf_changed":false,"xn-wppe-expiration":[],"xn-wppe-expiration-action":[],"xn-wppe-expiration-prefix":[],"inline_featured_image":false,"footnotes":""},"class_list":["post-344","page","type-page","status-publish","hentry"],"acf":[],"_links":{"self":[{"href":"https:\/\/arquidiocesebh.org.br\/paroquiasaojosevespasiano\/wp-json\/wp\/v2\/pages\/344","targetHints":{"allow":["GET"]}}],"collection":[{"href":"https:\/\/arquidiocesebh.org.br\/paroquiasaojosevespasiano\/wp-json\/wp\/v2\/pages"}],"about":[{"href":"https:\/\/arquidiocesebh.org.br\/paroquiasaojosevespasiano\/wp-json\/wp\/v2\/types\/page"}],"author":[{"embeddable":true,"href":"https:\/\/arquidiocesebh.org.br\/paroquiasaojosevespasiano\/wp-json\/wp\/v2\/users\/64"}],"replies":[{"embeddable":true,"href":"https:\/\/arquidiocesebh.org.br\/paroquiasaojosevespasiano\/wp-json\/wp\/v2\/comments?post=344"}],"version-history":[{"count":0,"href":"https:\/\/arquidiocesebh.org.br\/paroquiasaojosevespasiano\/wp-json\/wp\/v2\/pages\/344\/revisions"}],"wp:attachment":[{"href":"https:\/\/arquidiocesebh.org.br\/paroquiasaojosevespasiano\/wp-json\/wp\/v2\/media?parent=344"}],"curies":[{"name":"wp","href":"https:\/\/api.w.org\/{rel}","templated":true}]}}