{"id":67,"date":"2017-06-16T12:08:28","date_gmt":"2017-06-16T15:08:28","guid":{"rendered":"http:\/\/arquidiocesebh.org.br\/paroquia-sao-goncalo\/?page_id=67"},"modified":"2024-05-15T17:14:27","modified_gmt":"2024-05-15T20:14:27","slug":"secretaria","status":"publish","type":"page","link":"https:\/\/arquidiocesebh.org.br\/paroquiasaojosesaogabriel\/paroquia\/secretaria\/","title":{"rendered":"Secretaria"},"content":{"rendered":"<p>O atendimento na secretaria da Par\u00f3quia S\u00e3o Jos\u00e9 e S\u00e3o Gabriel \u00e9 um servi\u00e7o essencial e acolhedor oferecido aos fi\u00e9is e \u00e0 comunidade em geral. Localizada em um ambiente hospitaleiro e receptivo, a secretaria \u00e9 o ponto de contato principal para quest\u00f5es administrativas, agendamentos de sacramentos, solicita\u00e7\u00f5es de documentos e outras necessidades relacionadas \u00e0 vida paroquial.<\/p>\n<p>Nossa equipe dedicada est\u00e1 sempre pronta para receber os visitantes com amabilidade e presteza, oferecendo assist\u00eancia e orienta\u00e7\u00e3o com profissionalismo e compaix\u00e3o. Seja para agendar um batismo, obter informa\u00e7\u00f5es sobre a catequese, solicitar uma certid\u00e3o ou simplesmente fazer uma visita, os fi\u00e9is podem contar com a secretaria para atend\u00ea-los com aten\u00e7\u00e3o e cuidado.<\/p>\n<p>Al\u00e9m disso, a secretaria tamb\u00e9m desempenha um papel importante na comunica\u00e7\u00e3o interna e externa da par\u00f3quia, mantendo os fi\u00e9is informados sobre eventos, hor\u00e1rios de missas, atividades pastorais e outras not\u00edcias relevantes atrav\u00e9s de diferentes canais de comunica\u00e7\u00e3o.<\/p>\n<p>Em suma, a secretaria da Par\u00f3quia S\u00e3o Jos\u00e9 e S\u00e3o Gabriel \u00e9 um ponto central de apoio e servi\u00e7o, dedicado a facilitar a vida dos fi\u00e9is e promover o bem-estar espiritual e pr\u00e1tico da comunidade. Estamos aqui para servir e ajudar, com alegria e dedica\u00e7\u00e3o, a todos aqueles que buscam a nossa assist\u00eancia.<\/p>\n<p>&nbsp;<\/p>\n<p><strong>Hor\u00e1rio de funcionamento da secretaria paroquial:<\/strong><\/p>\n<p>segunda a sexta-feira de 8h \u00e0s 12h e de 13h \u00e0s 17hs.<\/p>\n<p>&nbsp;<\/p>\n<p><strong>Endere\u00e7o<\/strong>:<\/p>\n<div class=\"row\">\n<div class=\"col-xs-24\">\n<div class=\"container-varios\">\n<div class=\"row\">\n<div class=\"col-xs-24\">\n<div class=\"container-varios\">\n<div class=\"row\">\n<div class=\"col-xs-24\">\n<div class=\"container-varios\">\n<p>R. Maur\u00edlio Gomes da Silveira, 826 &#8211; Milion\u00e1rios, Belo Horizonte &#8211; MG, 30620-110<\/p>\n<\/div>\n<\/div>\n<\/div>\n<\/div>\n<\/div>\n<\/div>\n<\/div>\n<\/div>\n<\/div>\n<div class=\"row\"><\/div>\n","protected":false},"excerpt":{"rendered":"<p>O atendimento na secretaria da Par\u00f3quia S\u00e3o Jos\u00e9 e S\u00e3o Gabriel \u00e9 um servi\u00e7o essencial e acolhedor oferecido aos fi\u00e9is e \u00e0 comunidade em geral. Localizada em um ambiente hospitaleiro e receptivo, a secretaria \u00e9 o ponto de contato principal para quest\u00f5es administrativas, agendamentos de sacramentos, solicita\u00e7\u00f5es de documentos e outras necessidades relacionadas \u00e0 vida [&hellip;]<\/p>\n","protected":false},"author":64,"featured_media":0,"parent":51,"menu_order":0,"comment_status":"closed","ping_status":"closed","template":"","meta":{"_acf_changed":false,"xn-wppe-expiration":[],"xn-wppe-expiration-action":[],"xn-wppe-expiration-prefix":[],"inline_featured_image":false,"footnotes":""},"class_list":["post-67","page","type-page","status-publish","hentry"],"acf":[],"_links":{"self":[{"href":"https:\/\/arquidiocesebh.org.br\/paroquiasaojosesaogabriel\/wp-json\/wp\/v2\/pages\/67","targetHints":{"allow":["GET"]}}],"collection":[{"href":"https:\/\/arquidiocesebh.org.br\/paroquiasaojosesaogabriel\/wp-json\/wp\/v2\/pages"}],"about":[{"href":"https:\/\/arquidiocesebh.org.br\/paroquiasaojosesaogabriel\/wp-json\/wp\/v2\/types\/page"}],"author":[{"embeddable":true,"href":"https:\/\/arquidiocesebh.org.br\/paroquiasaojosesaogabriel\/wp-json\/wp\/v2\/users\/64"}],"replies":[{"embeddable":true,"href":"https:\/\/arquidiocesebh.org.br\/paroquiasaojosesaogabriel\/wp-json\/wp\/v2\/comments?post=67"}],"version-history":[{"count":0,"href":"https:\/\/arquidiocesebh.org.br\/paroquiasaojosesaogabriel\/wp-json\/wp\/v2\/pages\/67\/revisions"}],"up":[{"embeddable":true,"href":"https:\/\/arquidiocesebh.org.br\/paroquiasaojosesaogabriel\/wp-json\/wp\/v2\/pages\/51"}],"wp:attachment":[{"href":"https:\/\/arquidiocesebh.org.br\/paroquiasaojosesaogabriel\/wp-json\/wp\/v2\/media?parent=67"}],"curies":[{"name":"wp","href":"https:\/\/api.w.org\/{rel}","templated":true}]}}