{"id":57,"date":"2017-06-16T12:06:46","date_gmt":"2017-06-16T15:06:46","guid":{"rendered":"http:\/\/arquidiocesebh.org.br\/paroquia-sao-goncalo\/?page_id=57"},"modified":"2024-05-29T11:57:14","modified_gmt":"2024-05-29T14:57:14","slug":"historia","status":"publish","type":"page","link":"https:\/\/arquidiocesebh.org.br\/paroquiasaojosesaogabriel\/paroquia\/historia\/","title":{"rendered":"Hist\u00f3ria"},"content":{"rendered":"<h1><strong>Par\u00f3quia S\u00e3o Jos\u00e9 e S\u00e3o Gabriel Passionista<\/strong><\/h1>\n<p>&nbsp;<\/p>\n<p>A caminhada de f\u00e9 da Par\u00f3quia S\u00e3o Jos\u00e9 e S\u00e3o Gabriel data da d\u00e9cada de 1960 quando os primeiros moradores do rec\u00e9m-criado Bairro Milion\u00e1rios se uniram em um pequeno grupo de ora\u00e7\u00e3o pelas casas. Naquela \u00e9poca, a igreja de refer\u00eancia mais pr\u00f3xima era a ent\u00e3o Par\u00f3quia S\u00e3o Paulo da Cruz, sob a coordena\u00e7\u00e3o dos mission\u00e1rios Passionistas, congrega\u00e7\u00e3o de Padre Fl\u00e1vio que presidiu a celebra\u00e7\u00e3o da primeira Missa no novo bairro.<\/p>\n<p>Na d\u00e9cada de 1970 a comunidade do Milion\u00e1rios passou a se reunir no sal\u00e3o da Sociedade S\u00e3o Vicente de Paulo (SSVP) constru\u00eddo com o esfor\u00e7o dos moradores e ainda hoje localizado no mesmo local, \u00e0 Rua Alfredina Amaral. Posteriormente, instalou-se uma pequena capela na Rua Dona Luiza, nas proximidades da Escola Estadual Celso Machado. Nesse per\u00edodo, a capela do Milion\u00e1rios era uma das comunidades vinculadas \u00e0 Par\u00f3quia S\u00e3o Paulo da Cruz. O bairro expandiu-se rapidamente ano ap\u00f3s ano, tornando-se uma regi\u00e3o amplamente residencial, com grande n\u00famero de crist\u00e3os cat\u00f3licos. Foi nesse contexto que se iniciou a constru\u00e7\u00e3o da sede definitiva da igreja. Em 19 de agosto de 1984 Dom Serafim Fernandes de Ara\u00fajo, ent\u00e3o Arcebispo Metropolitano, presidiu a celebra\u00e7\u00e3o na qual aben\u00e7oou-se a pedra fundamental do projeto, cuja constru\u00e7\u00e3o contou com o trabalho volunt\u00e1rio de dezenas de membros da comunidade, colaborando nas diversas etapas do projeto.<\/p>\n<p>Com a obra conclu\u00edda em 1988 inaugurou-se ent\u00e3o a Igreja de S\u00e3o Jos\u00e9 e S\u00e3o Gabriel Passionista, ainda como uma comunidade. A igreja recebeu como padroeiros S\u00e3o Jos\u00e9, pai de Jesus e esposo de Maria, santo de grande devo\u00e7\u00e3o na comunidade; e S\u00e3o Gabriel da Virgem Dolorosa, jovem irm\u00e3o Passionista canonizado como o \u201csanto do sorriso\u201d. Pouco mais tarde, em 11 de novembro do mesmo ano, a Arquidiocese, em missa solene presidida tamb\u00e9m por Dom Serafim, sagrou a igreja como par\u00f3quia e designou o padre Passionista italiano Paolo Petricca como o primeiro p\u00e1roco. Mais tarde, em 1992, o Padre Gabriele Cipriani assumiu a par\u00f3quia e deu continuidade ao trabalho de seu antecessor.<\/p>\n<p>Em 1995 a Congrega\u00e7\u00e3o Passionista entregou a par\u00f3quia aos cuidados da Arquidiocese de Belo Horizonte que em 05 de novembro daquele ano designou o padre Jorge (Jerzy) Wydrych, polon\u00eas, como novo p\u00e1roco. Essa etapa marcou a expans\u00e3o da par\u00f3quia com a forma\u00e7\u00e3o de novas comunidades e a consolida\u00e7\u00e3o, reformas e melhorias naquelas que j\u00e1 existiam.<\/p>\n<p>Em 2019, nossa Arquidiocese nomeou padre Dinamar Gomes Pinto como novo p\u00e1roco, que com sua condu\u00e7\u00e3o aprimorou o trabalho e orienta\u00e7\u00e3o pastoral. Atualmente, a par\u00f3quia caminha com oito comunidades e grande n\u00famero de paroquianos perseverando a caminhada de f\u00e9 iniciada h\u00e1 tantas d\u00e9cadas.<\/p>\n","protected":false},"excerpt":{"rendered":"<p>Par\u00f3quia S\u00e3o Jos\u00e9 e S\u00e3o Gabriel Passionista &nbsp; A caminhada de f\u00e9 da Par\u00f3quia S\u00e3o Jos\u00e9 e S\u00e3o Gabriel data da d\u00e9cada de 1960 quando os primeiros moradores do rec\u00e9m-criado Bairro Milion\u00e1rios se uniram em um pequeno grupo de ora\u00e7\u00e3o pelas casas. Naquela \u00e9poca, a igreja de refer\u00eancia mais pr\u00f3xima era a ent\u00e3o Par\u00f3quia S\u00e3o [&hellip;]<\/p>\n","protected":false},"author":64,"featured_media":0,"parent":51,"menu_order":0,"comment_status":"closed","ping_status":"closed","template":"","meta":{"_acf_changed":false,"xn-wppe-expiration":[],"xn-wppe-expiration-action":[],"xn-wppe-expiration-prefix":[],"inline_featured_image":false,"footnotes":""},"class_list":["post-57","page","type-page","status-publish","hentry"],"acf":[],"_links":{"self":[{"href":"https:\/\/arquidiocesebh.org.br\/paroquiasaojosesaogabriel\/wp-json\/wp\/v2\/pages\/57","targetHints":{"allow":["GET"]}}],"collection":[{"href":"https:\/\/arquidiocesebh.org.br\/paroquiasaojosesaogabriel\/wp-json\/wp\/v2\/pages"}],"about":[{"href":"https:\/\/arquidiocesebh.org.br\/paroquiasaojosesaogabriel\/wp-json\/wp\/v2\/types\/page"}],"author":[{"embeddable":true,"href":"https:\/\/arquidiocesebh.org.br\/paroquiasaojosesaogabriel\/wp-json\/wp\/v2\/users\/64"}],"replies":[{"embeddable":true,"href":"https:\/\/arquidiocesebh.org.br\/paroquiasaojosesaogabriel\/wp-json\/wp\/v2\/comments?post=57"}],"version-history":[{"count":0,"href":"https:\/\/arquidiocesebh.org.br\/paroquiasaojosesaogabriel\/wp-json\/wp\/v2\/pages\/57\/revisions"}],"up":[{"embeddable":true,"href":"https:\/\/arquidiocesebh.org.br\/paroquiasaojosesaogabriel\/wp-json\/wp\/v2\/pages\/51"}],"wp:attachment":[{"href":"https:\/\/arquidiocesebh.org.br\/paroquiasaojosesaogabriel\/wp-json\/wp\/v2\/media?parent=57"}],"curies":[{"name":"wp","href":"https:\/\/api.w.org\/{rel}","templated":true}]}}