{"id":55,"date":"2017-06-16T12:05:40","date_gmt":"2017-06-16T15:05:40","guid":{"rendered":"http:\/\/arquidiocesebh.org.br\/paroquia-sao-goncalo\/?page_id=55"},"modified":"2023-02-15T11:37:30","modified_gmt":"2023-02-15T14:37:30","slug":"espaco","status":"publish","type":"page","link":"https:\/\/arquidiocesebh.org.br\/paroquiasaojoseoperario\/paroquia\/espaco\/","title":{"rendered":"Espa\u00e7o"},"content":{"rendered":"<p>Temos:<\/p>\n<ul>\n<li>o recanto S\u00e3o Domingos de Gusm\u00e3o com capela,<\/li>\n<li>sal\u00e3o para reuni\u00f5es,<\/li>\n<li>cozinha,<\/li>\n<li>jardim.<\/li>\n<li>Garagem,<\/li>\n<li>Igreja (com capela do sant\u00edssimo),<\/li>\n<li>banheiros<\/li>\n<li>e bebedouro.<\/li>\n<\/ul>\n","protected":false},"excerpt":{"rendered":"<p>Temos: o recanto S\u00e3o Domingos de Gusm\u00e3o com capela, sal\u00e3o para reuni\u00f5es, cozinha, jardim. Garagem, Igreja (com capela do sant\u00edssimo), banheiros e bebedouro.<\/p>\n","protected":false},"author":64,"featured_media":0,"parent":51,"menu_order":0,"comment_status":"closed","ping_status":"closed","template":"","meta":{"_acf_changed":false,"xn-wppe-expiration":[],"xn-wppe-expiration-action":[],"xn-wppe-expiration-prefix":[],"inline_featured_image":false,"footnotes":""},"class_list":["post-55","page","type-page","status-publish","hentry"],"acf":[],"_links":{"self":[{"href":"https:\/\/arquidiocesebh.org.br\/paroquiasaojoseoperario\/wp-json\/wp\/v2\/pages\/55","targetHints":{"allow":["GET"]}}],"collection":[{"href":"https:\/\/arquidiocesebh.org.br\/paroquiasaojoseoperario\/wp-json\/wp\/v2\/pages"}],"about":[{"href":"https:\/\/arquidiocesebh.org.br\/paroquiasaojoseoperario\/wp-json\/wp\/v2\/types\/page"}],"author":[{"embeddable":true,"href":"https:\/\/arquidiocesebh.org.br\/paroquiasaojoseoperario\/wp-json\/wp\/v2\/users\/64"}],"replies":[{"embeddable":true,"href":"https:\/\/arquidiocesebh.org.br\/paroquiasaojoseoperario\/wp-json\/wp\/v2\/comments?post=55"}],"version-history":[{"count":0,"href":"https:\/\/arquidiocesebh.org.br\/paroquiasaojoseoperario\/wp-json\/wp\/v2\/pages\/55\/revisions"}],"up":[{"embeddable":true,"href":"https:\/\/arquidiocesebh.org.br\/paroquiasaojoseoperario\/wp-json\/wp\/v2\/pages\/51"}],"wp:attachment":[{"href":"https:\/\/arquidiocesebh.org.br\/paroquiasaojoseoperario\/wp-json\/wp\/v2\/media?parent=55"}],"curies":[{"name":"wp","href":"https:\/\/api.w.org\/{rel}","templated":true}]}}