{"id":348,"date":"2022-12-27T16:45:52","date_gmt":"2022-12-27T19:45:52","guid":{"rendered":"http:\/\/arquidiocesebh.org.br\/paroquiasaojosevespasiano\/?page_id=348"},"modified":"2024-04-16T13:41:41","modified_gmt":"2024-04-16T16:41:41","slug":"1a-eucaristia","status":"publish","type":"page","link":"https:\/\/arquidiocesebh.org.br\/paroquiasantateresadecalcuta\/1a-eucaristia\/","title":{"rendered":"1\u00aa Eucaristia"},"content":{"rendered":"<p>Na Par\u00f3quia Santa Teresa de Calcut\u00e1, a Primeira Eucaristia \u00e9 um momento de profunda rever\u00eancia e alegria, onde as crian\u00e7as recebem pela primeira vez o Corpo e o Sangue de Cristo.<\/p>\n<p>Este sacramento \u00e9 um marco significativo em sua jornada de f\u00e9, marcando o in\u00edcio de uma rela\u00e7\u00e3o \u00edntima com Jesus na Eucaristia.<\/p>\n<p>Sob a orienta\u00e7\u00e3o dos pais, padrinhos e l\u00edderes pastorais, cada crian\u00e7a \u00e9 preparada cuidadosamente para este momento especial atrav\u00e9s de catequeses, reflex\u00f5es e momentos de ora\u00e7\u00e3o.<\/p>\n<p>Na celebra\u00e7\u00e3o da Primeira Eucaristia, a par\u00f3quia se une em alegria para testemunhar e acolher estas crian\u00e7as no banquete celestial, onde s\u00e3o nutridas e fortalecidas pelo amor de Cristo, tornando-se verdadeiras testemunhas da presen\u00e7a viva de Jesus em suas vidas e na comunidade de f\u00e9.<\/p>\n<p>&nbsp;<\/p>\n<p><strong>(PARA CRIAN\u00c7AS)<\/strong><br \/>\nPrepara\u00e7\u00e3o para a 1\u00aa Eucaristia: a Catequese Eucar\u00edstica deve ser oferecida \u00e0s crian\u00e7as em idade espec\u00edfica e \u00e9 dever dos pais e padrinhos procurar esse servi\u00e7o da comunidade para os seus filhos e afilhados. A Catequese Eucar\u00edstica, a 1\u00aa Comunh\u00e3o e a posterior participa\u00e7\u00e3o semanal na mesa do Senhor s\u00e3o direitos da crian\u00e7a batizada.<\/p>\n<p>&nbsp;<\/p>\n<p><strong>(PARA ADULTOS)<\/strong><br \/>\nExistem tamb\u00e9m catequeses destinadas aos adultos que desejam completar a sua inicia\u00e7\u00e3o ou ser iniciados na f\u00e9 crist\u00e3. Neste caso, prev\u00ea-se o processo catecumenal, pelo qual aquele que ser\u00e1 iniciado participa de todos os sacramentos da Inicia\u00e7\u00e3o Crist\u00e3, na Vig\u00edlia Pascal.<\/p>\n<p>&nbsp;<\/p>\n<p><strong>(DOCUMENTOS)<\/strong><br \/>\nPara se preparar para a 1\u00aa Eucaristia, \u00e9 necess\u00e1rio procurar a secretaria paroquial nos dias indicados para as inscri\u00e7\u00f5es, apresentando documento de identidade ou certid\u00e3o de nascimento do catequizando e documento de identidade e comprovante de endere\u00e7o do respons\u00e1vel para iniciar o sacramento.<\/p>\n","protected":false},"excerpt":{"rendered":"<p>Na Par\u00f3quia Santa Teresa de Calcut\u00e1, a Primeira Eucaristia \u00e9 um momento de profunda rever\u00eancia e alegria, onde as crian\u00e7as recebem pela primeira vez o Corpo e o Sangue de Cristo. Este sacramento \u00e9 um marco significativo em sua jornada de f\u00e9, marcando o in\u00edcio de uma rela\u00e7\u00e3o \u00edntima com Jesus na Eucaristia. Sob a [&hellip;]<\/p>\n","protected":false},"author":64,"featured_media":0,"parent":0,"menu_order":0,"comment_status":"closed","ping_status":"closed","template":"","meta":{"_acf_changed":false,"xn-wppe-expiration":[],"xn-wppe-expiration-action":[],"xn-wppe-expiration-prefix":[],"inline_featured_image":false,"footnotes":""},"class_list":["post-348","page","type-page","status-publish","hentry"],"acf":[],"_links":{"self":[{"href":"https:\/\/arquidiocesebh.org.br\/paroquiasantateresadecalcuta\/wp-json\/wp\/v2\/pages\/348","targetHints":{"allow":["GET"]}}],"collection":[{"href":"https:\/\/arquidiocesebh.org.br\/paroquiasantateresadecalcuta\/wp-json\/wp\/v2\/pages"}],"about":[{"href":"https:\/\/arquidiocesebh.org.br\/paroquiasantateresadecalcuta\/wp-json\/wp\/v2\/types\/page"}],"author":[{"embeddable":true,"href":"https:\/\/arquidiocesebh.org.br\/paroquiasantateresadecalcuta\/wp-json\/wp\/v2\/users\/64"}],"replies":[{"embeddable":true,"href":"https:\/\/arquidiocesebh.org.br\/paroquiasantateresadecalcuta\/wp-json\/wp\/v2\/comments?post=348"}],"version-history":[{"count":0,"href":"https:\/\/arquidiocesebh.org.br\/paroquiasantateresadecalcuta\/wp-json\/wp\/v2\/pages\/348\/revisions"}],"wp:attachment":[{"href":"https:\/\/arquidiocesebh.org.br\/paroquiasantateresadecalcuta\/wp-json\/wp\/v2\/media?parent=348"}],"curies":[{"name":"wp","href":"https:\/\/api.w.org\/{rel}","templated":true}]}}