{"id":346,"date":"2022-12-27T16:44:33","date_gmt":"2022-12-27T19:44:33","guid":{"rendered":"http:\/\/arquidiocesebh.org.br\/paroquiasaojosevespasiano\/?page_id=346"},"modified":"2024-04-16T13:23:31","modified_gmt":"2024-04-16T16:23:31","slug":"crisma","status":"publish","type":"page","link":"https:\/\/arquidiocesebh.org.br\/paroquiasantateresadecalcuta\/crisma\/","title":{"rendered":"Crisma"},"content":{"rendered":"<p>Na Par\u00f3quia Santa Teresa de Calcut\u00e1, a Crisma \u00e9 um momento de profunda signific\u00e2ncia espiritual e celebra\u00e7\u00e3o para os jovens que est\u00e3o prontos para assumir um compromisso mais profundo com sua f\u00e9.<\/p>\n<p>Neste sacramento, eles s\u00e3o fortalecidos pelo Esp\u00edrito Santo, recebendo os dons e as gra\u00e7as necess\u00e1rias para enfrentar os desafios da vida crist\u00e3 com coragem e determina\u00e7\u00e3o.<\/p>\n<p>Sob a orienta\u00e7\u00e3o amorosa dos padrinhos, familiares e l\u00edderes pastorais, cada crismando embarca em uma jornada espiritual de autodescoberta e crescimento, consolidando sua identidade como membros ativos da comunidade de f\u00e9.<\/p>\n<p>A cerim\u00f4nia de Crisma na Par\u00f3quia Santa Teresa de Calcut\u00e1 \u00e9 um momento de grande alegria e b\u00ean\u00e7\u00e3o, onde os jovens s\u00e3o capacitados a irradiar a luz do Evangelho em seus cora\u00e7\u00f5es e na sociedade em que vivem.<\/p>\n<p>&nbsp;<\/p>\n<p><strong>(DOCUMENTOS)<\/strong><\/p>\n<p>Certid\u00e3o ou identidade da crian\u00e7a ou adolescente<\/p>\n<p>Comprovante de endere\u00e7o dos pais<\/p>\n","protected":false},"excerpt":{"rendered":"<p>Na Par\u00f3quia Santa Teresa de Calcut\u00e1, a Crisma \u00e9 um momento de profunda signific\u00e2ncia espiritual e celebra\u00e7\u00e3o para os jovens que est\u00e3o prontos para assumir um compromisso mais profundo com sua f\u00e9. Neste sacramento, eles s\u00e3o fortalecidos pelo Esp\u00edrito Santo, recebendo os dons e as gra\u00e7as necess\u00e1rias para enfrentar os desafios da vida crist\u00e3 com [&hellip;]<\/p>\n","protected":false},"author":64,"featured_media":0,"parent":0,"menu_order":0,"comment_status":"closed","ping_status":"closed","template":"","meta":{"_acf_changed":false,"xn-wppe-expiration":[],"xn-wppe-expiration-action":[],"xn-wppe-expiration-prefix":[],"inline_featured_image":false,"footnotes":""},"class_list":["post-346","page","type-page","status-publish","hentry"],"acf":[],"_links":{"self":[{"href":"https:\/\/arquidiocesebh.org.br\/paroquiasantateresadecalcuta\/wp-json\/wp\/v2\/pages\/346","targetHints":{"allow":["GET"]}}],"collection":[{"href":"https:\/\/arquidiocesebh.org.br\/paroquiasantateresadecalcuta\/wp-json\/wp\/v2\/pages"}],"about":[{"href":"https:\/\/arquidiocesebh.org.br\/paroquiasantateresadecalcuta\/wp-json\/wp\/v2\/types\/page"}],"author":[{"embeddable":true,"href":"https:\/\/arquidiocesebh.org.br\/paroquiasantateresadecalcuta\/wp-json\/wp\/v2\/users\/64"}],"replies":[{"embeddable":true,"href":"https:\/\/arquidiocesebh.org.br\/paroquiasantateresadecalcuta\/wp-json\/wp\/v2\/comments?post=346"}],"version-history":[{"count":0,"href":"https:\/\/arquidiocesebh.org.br\/paroquiasantateresadecalcuta\/wp-json\/wp\/v2\/pages\/346\/revisions"}],"wp:attachment":[{"href":"https:\/\/arquidiocesebh.org.br\/paroquiasantateresadecalcuta\/wp-json\/wp\/v2\/media?parent=346"}],"curies":[{"name":"wp","href":"https:\/\/api.w.org\/{rel}","templated":true}]}}