{"id":520,"date":"2017-06-12T18:16:50","date_gmt":"2017-06-12T21:16:50","guid":{"rendered":"http:\/\/arquidiocesebh.org.br\/modelo-paroquia2020\/para-voce\/batizados-2\/"},"modified":"2020-06-17T14:56:38","modified_gmt":"2020-06-17T17:56:38","slug":"batizados-2","status":"publish","type":"page","link":"https:\/\/arquidiocesebh.org.br\/paroquianossasenhoradefatima\/para-voce\/batizados-2\/","title":{"rendered":"Batizados"},"content":{"rendered":"<p>O Batismo \u00e9 um sacramento da inicia\u00e7\u00e3o \u00e0 f\u00e9 crist\u00e3, uma celebra\u00e7\u00e3o que promove a nossa identifica\u00e7\u00e3o com Cristo em seu mist\u00e9rio pascal (cf. Rm 6,3-11). Como porta de entrada para a Igreja, o Batismo nos d\u00e1 acesso aos demais sacramentos. Por ele, somos libertados do pecado original e regenerados como filhos e filhas de Deus, em Jesus Cristo, o seu Filho amado. Tornamo-nos membros do Corpo de Cristo e, incorporados \u00e0 sua igreja, somos feitos templos do Esp\u00edrito Santo. O Batismo pode ser definido como o sacramento da regenera\u00e7\u00e3o pela \u00e1gua e pela palavra.<\/p>\n<p>Prepara\u00e7\u00e3o para o Batismo: procure a secretaria de sua par\u00f3quia antes de marcar a celebra\u00e7\u00e3o e conhe\u00e7a a proposta de prepara\u00e7\u00e3o para o Batismo que a sua comunidade oferece. Escolha padrinhos cat\u00f3licos, que possam desempenhar a miss\u00e3o de colaboradores dos pais no compromisso de educar a crian\u00e7a na f\u00e9 da Igreja e n\u00e3o apenas por motivos afetivos. Apresente a documenta\u00e7\u00e3o exigida e, de prefer\u00eancia, batize em sua par\u00f3quia de resid\u00eancia. Sendo o Batismo realizado noutra igreja, pe\u00e7a o comprovante de participa\u00e7\u00e3o na Catequese batismal e informe-se, tamb\u00e9m l\u00e1, sobre onde ser\u00e1 celebrado.<\/p>\n<hr \/>\n<p>&nbsp;<\/p>\n","protected":false},"excerpt":{"rendered":"<p>O Batismo \u00e9 um sacramento da inicia\u00e7\u00e3o \u00e0 f\u00e9 crist\u00e3, uma celebra\u00e7\u00e3o que promove a nossa identifica\u00e7\u00e3o com Cristo em seu mist\u00e9rio pascal (cf. Rm 6,3-11). Como porta de entrada para a Igreja, o Batismo nos d\u00e1 acesso aos demais sacramentos. Por ele, somos libertados do pecado original e regenerados como filhos e filhas de [&hellip;]<\/p>\n","protected":false},"author":86,"featured_media":0,"parent":219,"menu_order":0,"comment_status":"closed","ping_status":"closed","template":"","meta":{"_acf_changed":false,"xn-wppe-expiration":[],"xn-wppe-expiration-action":[],"xn-wppe-expiration-prefix":[],"inline_featured_image":false,"footnotes":""},"class_list":["post-520","page","type-page","status-publish","hentry"],"acf":[],"_links":{"self":[{"href":"https:\/\/arquidiocesebh.org.br\/paroquianossasenhoradefatima\/wp-json\/wp\/v2\/pages\/520","targetHints":{"allow":["GET"]}}],"collection":[{"href":"https:\/\/arquidiocesebh.org.br\/paroquianossasenhoradefatima\/wp-json\/wp\/v2\/pages"}],"about":[{"href":"https:\/\/arquidiocesebh.org.br\/paroquianossasenhoradefatima\/wp-json\/wp\/v2\/types\/page"}],"author":[{"embeddable":true,"href":"https:\/\/arquidiocesebh.org.br\/paroquianossasenhoradefatima\/wp-json\/wp\/v2\/users\/86"}],"replies":[{"embeddable":true,"href":"https:\/\/arquidiocesebh.org.br\/paroquianossasenhoradefatima\/wp-json\/wp\/v2\/comments?post=520"}],"version-history":[{"count":0,"href":"https:\/\/arquidiocesebh.org.br\/paroquianossasenhoradefatima\/wp-json\/wp\/v2\/pages\/520\/revisions"}],"up":[{"embeddable":true,"href":"https:\/\/arquidiocesebh.org.br\/paroquianossasenhoradefatima\/wp-json\/wp\/v2\/pages\/219"}],"wp:attachment":[{"href":"https:\/\/arquidiocesebh.org.br\/paroquianossasenhoradefatima\/wp-json\/wp\/v2\/media?parent=520"}],"curies":[{"name":"wp","href":"https:\/\/api.w.org\/{rel}","templated":true}]}}