{"id":61,"date":"2017-06-16T12:07:26","date_gmt":"2017-06-16T15:07:26","guid":{"rendered":"http:\/\/arquidiocesebh.org.br\/paroquia-sao-goncalo\/?page_id=61"},"modified":"2023-01-16T11:46:27","modified_gmt":"2023-01-16T14:46:27","slug":"padroeiro","status":"publish","type":"page","link":"https:\/\/arquidiocesebh.org.br\/imaculadocoracaodemaria\/paroquia\/padroeiro\/","title":{"rendered":"Padroeiro"},"content":{"rendered":"<p><strong>BREVE HIST\u00d3RIA SOBRE A PAR\u00d3QUIA SANT\u00cdSSIMO SACRAMENTO.<\/strong><\/p>\n<p><strong>TAQUARA\u00c7U DE MINAS \u2013 MINAS GERAIS.<\/strong><\/p>\n<p><img loading=\"lazy\" decoding=\"async\" class=\"alignleft wp-image-401 size-full\" src=\"https:\/\/arquidiocesebh.org.br\/santissimosacramento\/wp-content\/uploads\/sites\/65\/2023\/01\/padroeira-destaques.jpg\" alt=\"\" width=\"372\" height=\"200\" srcset=\"https:\/\/arquidiocesebh.org.br\/imaculadocoracaodemaria\/wp-content\/uploads\/sites\/68\/2023\/01\/padroeira-destaques.jpg 372w, https:\/\/arquidiocesebh.org.br\/imaculadocoracaodemaria\/wp-content\/uploads\/sites\/68\/2023\/01\/padroeira-destaques-300x161.jpg 300w, https:\/\/arquidiocesebh.org.br\/imaculadocoracaodemaria\/wp-content\/uploads\/sites\/68\/2023\/01\/padroeira-destaques-224x120.jpg 224w\" sizes=\"auto, (max-width: 372px) 100vw, 372px\" \/>Uma Par\u00f3quia escolhida pelo seu padroeiro vivo. Esta Par\u00f3quia \u00e9 aqui e esta cidade \u00e9 (hoje) Taquara\u00e7u de Minas. Somos todos (as) devotos (as) do Sant\u00edssimo Sacramento (H\u00f3stia Sagrada) verdadeiro \u201cCorpo\u201d de Jesus transubstanciado. Estamos diante do ostens\u00f3rio, sabemos a hist\u00f3ria de nosso Padroeiro? Por volta de 1650, mais um pouco, existia uma capela denominada Orago de Nossa Senhora da Penha, num terremo de propriedade, atualmente dos herdeiros do S<u><sup>r.<\/sup><\/u>\u00a0 Juventino Pinto, \u00e0 esquerda da estrada em dire\u00e7\u00e3o \u00e0 Santa Luzia, logo acima do bambual, hoje, rotat\u00f3ria da MG-020. Em 25 de mar\u00e7o de 1759, depois de autorizado pelo primeiro Bispo de Mariana atrav\u00e9s da missiva de D. Jos\u00e9 I foi elevada a curato em 23 de setembro de 1758.\u00a0\u00a0\u00a0\u00a0\u00a0\u00a0\u00a0\u00a0\u00a0\u00a0\u00a0\u00a0\u00a0\u00a0\u00a0\u00a0\u00a0\u00a0\u00a0\u00a0\u00a0\u00a0\u00a0\u00a0\u00a0\u00a0\u00a0\u00a0\u00a0\u00a0\u00a0 \u00a0\u00a0\u00a0\u00a0\u00a0\u00a0\u00a0\u00a0\u00a0\u00a0\u00a0\u00a0\u00a0\u00a0\u00a0\u00a0\u00a0\u00a0\u00a0 Nas hist\u00f3rias de boca em boca relatou-se que um tropeiro passava por aqui com sua tropa comercializando mercadorias de toda sorte, fazendo em Taquarass\u00fa o ponto de parada para descanso. Ao fazer reconhecimento do lugar onde pernoitaria, percebeu que do oco de uma \u00e1rvore (onde \u00e9 hoje o sacr\u00e1rio de nossa par\u00f3quia) emanava uma forte luminosidade capaz de cegar a olhos humanos, mesmo assim percebeu ser uma H\u00f3stia e em meio \u00e0quela estonteante paz e sem perceber por si s\u00f3 as pernas se curvaram e ele estava de joelhos louvando ao Deus Vivo. Naquela \u00e9poca o Cura (padre ainda n\u00e3o reconhecido) tomou a H\u00f3stia levando-A para o sacr\u00e1rio do orago Nossa Senhora da Penha e novamente por tr\u00eas vezes consecutivas Ela voltava a aparecer no oco da \u00e1rvore, ent\u00e3o o cura juntamente com alguns moradores da aldeia resolveram fazer ali uma tenda e logo come\u00e7aram a constru\u00e7\u00e3o do que \u00e9 hoje a MATRIZ SANT\u00cdSSIMO SACRAMENTO de Taquara\u00e7u de Minas. O Rei Dom Jos\u00e9 I e nem o Bispo de Mariana pediram licen\u00e7a para a constru\u00e7\u00e3o da nova capela e\u00a0 nem a devida autoriza\u00e7\u00e3o para mudar o orago. Em 1798 foi requerida autoriza\u00e7\u00e3o para instalar a primeira PIA BATISMAL, sendo renovado o pedido em 1803 juntamente com o pedido da Funda\u00e7\u00e3o da Ermida Sant\u00edssimo Sacramento, desta forma nasce nos arredores desta (hoje) Igreja Matriz da Par\u00f3quia Sant\u00edssimo Sacramento o Arraial de Taquara\u00e7u de Cima um pouco mais distante do primeiro arraial. Pela Lei n\u00famero 209 de 07 de abril de 1841, o curato foi elevado a Freguesia com o T\u00edtulo de Freguesia Sant\u00edssimo Sacramento de Taquarass\u00fa sendo seus fundadores os S<u><sup>res.<\/sup><\/u> Coron\u00e9is Jo\u00e3o Pinto Moreira e Jos\u00e9 Alves Diniz.<\/p>\n<p>O que quero deixar bem claro a todos (as) Taquara\u00e7uenses e ou visitantes \u00e9 que nosso Padroeiro, realmente VIVO est\u00e1 entre n\u00f3s \u2013 O Sant\u00edssimo Sacramento, ELE apareceu aqui, portanto este lugar foi escolhido por ELE para ser adorado e n\u00f3s n\u00e3o sabemos do privil\u00e9gio de sermos Taquara\u00e7uenses , do privil\u00e9gio de sermos um povo escolhido por Jesus Sacramentado nestas terras, neste local. Quero que todos saibam como comp\u00f4s a m\u00fasica o Padre Ephraim: \u201cEu creio firmemente, que Jesus Cristo est\u00e1 aqui, eu creio com viva f\u00e9 que Jesus Cristo est\u00e1 aqui, eu creio com toda minh&#8217;alma que Jesus Cristo est\u00e1 aqui\u201d.<\/p>\n<p style=\"text-align: right;\">\u00a0\u00a0\u00a0\u00a0\u00a0\u00a0\u00a0\u00a0\u00a0\u00a0\u00a0\u00a0\u00a0\u00a0\u00a0\u00a0\u00a0\u00a0\u00a0\u00a0\u00a0\u00a0\u00a0\u00a0\u00a0\u00a0\u00a0\u00a0\u00a0\u00a0\u00a0\u00a0\u00a0\u00a0 \u00a0\u00a0\u00a0\u00a0\u00a0\u00a0\u00a0\u00a0\u00a0\u00a0\u00a0\u00a0\u00a0\u00a0\u00a0\u00a0\u00a0\u00a0\u00a0\u00a0\u00a0\u00a0\u00a0\u00a0\u00a0Escrito por Maria de Lourdes Marques Cruz.<\/p>\n<p style=\"text-align: right;\">\u00a0\u00a0\u00a0\u00a0\u00a0\u00a0\u00a0\u00a0\u00a0\u00a0\u00a0\u00a0\u00a0\u00a0\u00a0\u00a0\u00a0\u00a0\u00a0\u00a0\u00a0\u00a0\u00a0\u00a0\u00a0\u00a0\u00a0\u00a0\u00a0\u00a0\u00a0\u00a0\u00a0\u00a0\u00a0\u00a0\u00a0 \u00a0\u00a0\u00a0\u00a0\u00a0\u00a0\u00a0\u00a0\u00a0\u00a0\u00a0\u00a0\u00a0\u00a0\u00a0\u00a0\u00a0\u00a0Em 29 de maio de 2015 e modificado em 11 de mar\u00e7o de 2018.<\/p>\n","protected":false},"excerpt":{"rendered":"<p>BREVE HIST\u00d3RIA SOBRE A PAR\u00d3QUIA SANT\u00cdSSIMO SACRAMENTO. TAQUARA\u00c7U DE MINAS \u2013 MINAS GERAIS. Uma Par\u00f3quia escolhida pelo seu padroeiro vivo. Esta Par\u00f3quia \u00e9 aqui e esta cidade \u00e9 (hoje) Taquara\u00e7u de Minas. Somos todos (as) devotos (as) do Sant\u00edssimo Sacramento (H\u00f3stia Sagrada) verdadeiro \u201cCorpo\u201d de Jesus transubstanciado. Estamos diante do ostens\u00f3rio, sabemos a hist\u00f3ria de [&hellip;]<\/p>\n","protected":false},"author":64,"featured_media":0,"parent":51,"menu_order":0,"comment_status":"closed","ping_status":"closed","template":"","meta":{"_acf_changed":false,"xn-wppe-expiration":[],"xn-wppe-expiration-action":[],"xn-wppe-expiration-prefix":[],"inline_featured_image":false,"footnotes":""},"class_list":["post-61","page","type-page","status-publish","hentry"],"acf":[],"_links":{"self":[{"href":"https:\/\/arquidiocesebh.org.br\/imaculadocoracaodemaria\/wp-json\/wp\/v2\/pages\/61","targetHints":{"allow":["GET"]}}],"collection":[{"href":"https:\/\/arquidiocesebh.org.br\/imaculadocoracaodemaria\/wp-json\/wp\/v2\/pages"}],"about":[{"href":"https:\/\/arquidiocesebh.org.br\/imaculadocoracaodemaria\/wp-json\/wp\/v2\/types\/page"}],"author":[{"embeddable":true,"href":"https:\/\/arquidiocesebh.org.br\/imaculadocoracaodemaria\/wp-json\/wp\/v2\/users\/64"}],"replies":[{"embeddable":true,"href":"https:\/\/arquidiocesebh.org.br\/imaculadocoracaodemaria\/wp-json\/wp\/v2\/comments?post=61"}],"version-history":[{"count":0,"href":"https:\/\/arquidiocesebh.org.br\/imaculadocoracaodemaria\/wp-json\/wp\/v2\/pages\/61\/revisions"}],"up":[{"embeddable":true,"href":"https:\/\/arquidiocesebh.org.br\/imaculadocoracaodemaria\/wp-json\/wp\/v2\/pages\/51"}],"wp:attachment":[{"href":"https:\/\/arquidiocesebh.org.br\/imaculadocoracaodemaria\/wp-json\/wp\/v2\/media?parent=61"}],"curies":[{"name":"wp","href":"https:\/\/api.w.org\/{rel}","templated":true}]}}