{"id":2759,"date":"2022-10-05T13:25:17","date_gmt":"2022-10-05T16:25:17","guid":{"rendered":"https:\/\/arquidiocesebh.org.br\/aderi\/?page_id=2759"},"modified":"2022-10-05T13:31:03","modified_gmt":"2022-10-05T16:31:03","slug":"atlas-ambiental","status":"publish","type":"page","link":"https:\/\/arquidiocesebh.org.br\/aderi\/atlas-ambiental\/","title":{"rendered":"Atlas Ambiental"},"content":{"rendered":"<p style=\"text-align: left;\"><img loading=\"lazy\" decoding=\"async\" class=\"size-medium wp-image-2762 alignleft\" src=\"https:\/\/arquidiocesebh.org.br\/aderi\/wp-content\/uploads\/sites\/60\/2022\/10\/whatsapp-image-2022-10-05-at-12.50.35-1-212x300.jpeg\" alt=\"\" width=\"212\" height=\"300\" srcset=\"https:\/\/arquidiocesebh.org.br\/aderi\/wp-content\/uploads\/sites\/60\/2022\/10\/whatsapp-image-2022-10-05-at-12.50.35-1-212x300.jpeg 212w, https:\/\/arquidiocesebh.org.br\/aderi\/wp-content\/uploads\/sites\/60\/2022\/10\/whatsapp-image-2022-10-05-at-12.50.35-1-723x1024.jpeg 723w, https:\/\/arquidiocesebh.org.br\/aderi\/wp-content\/uploads\/sites\/60\/2022\/10\/whatsapp-image-2022-10-05-at-12.50.35-1-768x1087.jpeg 768w, https:\/\/arquidiocesebh.org.br\/aderi\/wp-content\/uploads\/sites\/60\/2022\/10\/whatsapp-image-2022-10-05-at-12.50.35-1-424x600.jpeg 424w, https:\/\/arquidiocesebh.org.br\/aderi\/wp-content\/uploads\/sites\/60\/2022\/10\/whatsapp-image-2022-10-05-at-12.50.35-1-148x209.jpeg 148w, https:\/\/arquidiocesebh.org.br\/aderi\/wp-content\/uploads\/sites\/60\/2022\/10\/whatsapp-image-2022-10-05-at-12.50.35-1.jpeg 904w\" sizes=\"auto, (max-width: 212px) 100vw, 212px\" \/>O Atlas Ambiental dos Munic\u00edpios da Arquidiocese de Belo Horizonte \u00e9 um documento concebido com o objetivo de demonstrar, por meio de produtos cartogr\u00e1ficos, textos anal\u00edticos e elementos visuais e din\u00e2micos, a diversidade de atributos ambientais, em seu sentido amplo, existentes no vasto e complexo territ\u00f3rio.<\/p>\n<p style=\"text-align: left;\">Trata-se, pois, de um material com potencial de orientar interpreta\u00e7\u00f5es de realidades atuais, sempre em observ\u00e2ncia \u00e0s din\u00e2micas regional e locais, cujo desenho e a implementa\u00e7\u00e3o de iniciativas concretas se colocam como desafios, tamb\u00e9m din\u00e2micos, seja no \u00e2mbito da educa\u00e7\u00e3o, da pesquisa cient\u00edfica, da extens\u00e3o universit\u00e1ria e das praticas sociais em diversas escalas.<\/p>\n<p style=\"text-align: left;\">As possibilidades de vastas interpreta\u00e7\u00f5es, a partir de um Atlas que se quer vivo, j\u00e1 nasce na procura da sua inerente atualiza\u00e7\u00e3o. Assim, apresentamos esta contribui\u00e7\u00e3o para que boas perguntas sobre o territ\u00f3rio posssam ser feitas e que as suas respostas sejam compartilhadas com base nessas realidades e que visem \u00e0 promo\u00e7\u00e3o de um desenvolvimento alicer\u00e7ado em bases conservacionistas e humanistas.<\/p>\n<p style=\"text-align: left;\">Entre temas como biodiversidade, recursos h\u00eddricos e minerais, cavidades naturais, povos e comunidades tradicionais e outros elementos, o Atlas se consolida como uma oportunidade e um convite para que os interessados possam interagir e conhecer o espectro territorial de atua\u00e7\u00e3o de nossa Arquidiocese de Belo Horizonte e, assim, poder contribuir diretamente com o planejamento, a gest\u00e3o e a materializa\u00e7\u00e3o de boas pr\u00e1ticas ambientais nessa importante parcela do estado de Minas Gerais.<\/p>\n","protected":false},"excerpt":{"rendered":"<p>O Atlas Ambiental dos Munic\u00edpios da Arquidiocese de Belo Horizonte \u00e9 um documento concebido com o objetivo de demonstrar, por meio de produtos cartogr\u00e1ficos, textos anal\u00edticos e elementos visuais e din\u00e2micos, a diversidade de atributos ambientais, em seu sentido amplo, existentes no vasto e complexo territ\u00f3rio. Trata-se, pois, de um material com potencial de orientar [&hellip;]<\/p>\n","protected":false},"author":120,"featured_media":0,"parent":0,"menu_order":0,"comment_status":"closed","ping_status":"closed","template":"","meta":{"_acf_changed":false,"xn-wppe-expiration":[],"xn-wppe-expiration-action":[],"xn-wppe-expiration-prefix":[],"inline_featured_image":false,"footnotes":""},"class_list":["post-2759","page","type-page","status-publish","hentry"],"acf":[],"_links":{"self":[{"href":"https:\/\/arquidiocesebh.org.br\/aderi\/wp-json\/wp\/v2\/pages\/2759","targetHints":{"allow":["GET"]}}],"collection":[{"href":"https:\/\/arquidiocesebh.org.br\/aderi\/wp-json\/wp\/v2\/pages"}],"about":[{"href":"https:\/\/arquidiocesebh.org.br\/aderi\/wp-json\/wp\/v2\/types\/page"}],"author":[{"embeddable":true,"href":"https:\/\/arquidiocesebh.org.br\/aderi\/wp-json\/wp\/v2\/users\/120"}],"replies":[{"embeddable":true,"href":"https:\/\/arquidiocesebh.org.br\/aderi\/wp-json\/wp\/v2\/comments?post=2759"}],"version-history":[{"count":0,"href":"https:\/\/arquidiocesebh.org.br\/aderi\/wp-json\/wp\/v2\/pages\/2759\/revisions"}],"wp:attachment":[{"href":"https:\/\/arquidiocesebh.org.br\/aderi\/wp-json\/wp\/v2\/media?parent=2759"}],"curies":[{"name":"wp","href":"https:\/\/api.w.org\/{rel}","templated":true}]}}