{"id":2446,"date":"2022-07-21T11:05:45","date_gmt":"2022-07-21T14:05:45","guid":{"rendered":"https:\/\/arquidiocesebh.org.br\/aderi\/?page_id=2446"},"modified":"2022-07-21T15:00:51","modified_gmt":"2022-07-21T18:00:51","slug":"museu-puc-minas","status":"publish","type":"page","link":"https:\/\/arquidiocesebh.org.br\/aderi\/puc-minas\/museu-puc-minas\/","title":{"rendered":"Museu PUC Minas"},"content":{"rendered":"<p><span style=\"font-weight: 400\">Criado em 1983 e com fins educativos, de pesquisa e lazer cultural, o Museu PUC Minas possui um importante acervo zool\u00f3gico e bot\u00e2nico, abrangendo cole\u00e7\u00f5es de paleontologia at\u00e9 invertebrados e vertebrados da fauna atual, contando com laborat\u00f3rios com rico material cient\u00edfico. Para a abrang\u00eancia das atividades realizadas, a equipe do Museu \u00e9 composta de profissionais qualificados e de estudantes universit\u00e1rios.<\/span><\/p>\n<p><span style=\"color: #800000\"><strong>Espa\u00e7os do Museu<\/strong><\/span><\/p>\n<p><span style=\"font-weight: 400\">Acervo Cient\u00edfico de Invertebrados, Ornitologia e Paleontologia<\/span><\/p>\n<p><span style=\"font-weight: 400\">Laborat\u00f3rio de Bioac\u00fastica da PUC Minas\u00a0<\/span><\/p>\n<p><span style=\"font-weight: 400\">Laborat\u00f3rio de Herpeto do Museu: <\/span><a href=\"https:\/\/www.instagram.com\/hinarpucmg\/\" target=\"_blank\" rel=\"noopener\"><span style=\"font-weight: 400\">@hinarpucmg<\/span><\/a><span style=\"font-weight: 400\">\u00a0<\/span><\/p>\n<p><span style=\"font-weight: 400\">Herb\u00e1rio do Museu de Ci\u00eancias Naturais PUC Minas<\/span><\/p>\n<p><span style=\"font-weight: 400\">Saiba mais: <\/span><a href=\"https:\/\/www.instagram.com\/museupucminas\/\" target=\"_blank\" rel=\"noopener\"><span style=\"font-weight: 400\">https:\/\/www.instagram.com\/museupucminas\/<\/span><\/a><\/p>\n","protected":false},"excerpt":{"rendered":"<p>Criado em 1983 e com fins educativos, de pesquisa e lazer cultural, o Museu PUC Minas possui um importante acervo zool\u00f3gico e bot\u00e2nico, abrangendo cole\u00e7\u00f5es de paleontologia at\u00e9 invertebrados e vertebrados da fauna atual, contando com laborat\u00f3rios com rico material cient\u00edfico. Para a abrang\u00eancia das atividades realizadas, a equipe do Museu \u00e9 composta de profissionais [&hellip;]<\/p>\n","protected":false},"author":119,"featured_media":0,"parent":2449,"menu_order":0,"comment_status":"closed","ping_status":"closed","template":"","meta":{"_acf_changed":false,"xn-wppe-expiration":[],"xn-wppe-expiration-action":[],"xn-wppe-expiration-prefix":[],"inline_featured_image":false,"footnotes":""},"class_list":["post-2446","page","type-page","status-publish","hentry"],"acf":[],"_links":{"self":[{"href":"https:\/\/arquidiocesebh.org.br\/aderi\/wp-json\/wp\/v2\/pages\/2446","targetHints":{"allow":["GET"]}}],"collection":[{"href":"https:\/\/arquidiocesebh.org.br\/aderi\/wp-json\/wp\/v2\/pages"}],"about":[{"href":"https:\/\/arquidiocesebh.org.br\/aderi\/wp-json\/wp\/v2\/types\/page"}],"author":[{"embeddable":true,"href":"https:\/\/arquidiocesebh.org.br\/aderi\/wp-json\/wp\/v2\/users\/119"}],"replies":[{"embeddable":true,"href":"https:\/\/arquidiocesebh.org.br\/aderi\/wp-json\/wp\/v2\/comments?post=2446"}],"version-history":[{"count":0,"href":"https:\/\/arquidiocesebh.org.br\/aderi\/wp-json\/wp\/v2\/pages\/2446\/revisions"}],"up":[{"embeddable":true,"href":"https:\/\/arquidiocesebh.org.br\/aderi\/wp-json\/wp\/v2\/pages\/2449"}],"wp:attachment":[{"href":"https:\/\/arquidiocesebh.org.br\/aderi\/wp-json\/wp\/v2\/media?parent=2446"}],"curies":[{"name":"wp","href":"https:\/\/api.w.org\/{rel}","templated":true}]}}