{"id":2443,"date":"2022-07-21T10:21:22","date_gmt":"2022-07-21T13:21:22","guid":{"rendered":"https:\/\/arquidiocesebh.org.br\/aderi\/?page_id=2443"},"modified":"2022-07-21T15:02:19","modified_gmt":"2022-07-21T18:02:19","slug":"universidade-sustentavel","status":"publish","type":"page","link":"https:\/\/arquidiocesebh.org.br\/aderi\/puc-minas\/universidade-sustentavel\/","title":{"rendered":"Universidade Sustent\u00e1vel"},"content":{"rendered":"<p><span style=\"font-weight: 400\">O Universidade Sustent\u00e1vel, antes denominado DCBio Sustent\u00e1vel, \u00e9 um projeto de extens\u00e3o criado em 2014 no Departamento de Ci\u00eancias Biol\u00f3gicas da PUC Minas, a fim de implementar a\u00e7\u00f5es sustent\u00e1veis na institui\u00e7\u00e3o e fora dela, envolvendo diversos cursos, funcion\u00e1rios, institutos, pr\u00f3-reitorias e a comunidade externa.\u00a0<\/span><\/p>\n<p><span style=\"font-weight: 400\">Saiba mais:<\/span><\/p>\n<p>Instagram &#8211; <a href=\"https:\/\/www.instagram.com\/dcbio_sustentavel\/?utm_medium=copy_link\" target=\"_blank\" rel=\"noopener\"><span style=\"font-weight: 400\">https:\/\/www.instagram.com\/dcbio_sustentavel\/?utm_medium=copy_link<\/span><\/a><span style=\"font-weight: 400\">\u00a0<\/span><\/p>\n<p>Facebook &#8211; <a href=\"https:\/\/www.facebook.com\/dcbiosustentavel.pucminas\/about\/?ref=page_internal\" target=\"_blank\" rel=\"noopener\"><span style=\"font-weight: 400\">https:\/\/www.facebook.com\/dcbiosustentavel.pucminas\/about\/?ref=page_internal<\/span><\/a><span style=\"font-weight: 400\">\u00a0<\/span><\/p>\n","protected":false},"excerpt":{"rendered":"<p>O Universidade Sustent\u00e1vel, antes denominado DCBio Sustent\u00e1vel, \u00e9 um projeto de extens\u00e3o criado em 2014 no Departamento de Ci\u00eancias Biol\u00f3gicas da PUC Minas, a fim de implementar a\u00e7\u00f5es sustent\u00e1veis na institui\u00e7\u00e3o e fora dela, envolvendo diversos cursos, funcion\u00e1rios, institutos, pr\u00f3-reitorias e a comunidade externa.\u00a0 Saiba mais: Instagram &#8211; https:\/\/www.instagram.com\/dcbio_sustentavel\/?utm_medium=copy_link\u00a0 Facebook &#8211; https:\/\/www.facebook.com\/dcbiosustentavel.pucminas\/about\/?ref=page_internal\u00a0<\/p>\n","protected":false},"author":119,"featured_media":0,"parent":2449,"menu_order":0,"comment_status":"closed","ping_status":"closed","template":"","meta":{"_acf_changed":false,"xn-wppe-expiration":[],"xn-wppe-expiration-action":[],"xn-wppe-expiration-prefix":[],"inline_featured_image":false,"footnotes":""},"class_list":["post-2443","page","type-page","status-publish","hentry"],"acf":[],"_links":{"self":[{"href":"https:\/\/arquidiocesebh.org.br\/aderi\/wp-json\/wp\/v2\/pages\/2443","targetHints":{"allow":["GET"]}}],"collection":[{"href":"https:\/\/arquidiocesebh.org.br\/aderi\/wp-json\/wp\/v2\/pages"}],"about":[{"href":"https:\/\/arquidiocesebh.org.br\/aderi\/wp-json\/wp\/v2\/types\/page"}],"author":[{"embeddable":true,"href":"https:\/\/arquidiocesebh.org.br\/aderi\/wp-json\/wp\/v2\/users\/119"}],"replies":[{"embeddable":true,"href":"https:\/\/arquidiocesebh.org.br\/aderi\/wp-json\/wp\/v2\/comments?post=2443"}],"version-history":[{"count":0,"href":"https:\/\/arquidiocesebh.org.br\/aderi\/wp-json\/wp\/v2\/pages\/2443\/revisions"}],"up":[{"embeddable":true,"href":"https:\/\/arquidiocesebh.org.br\/aderi\/wp-json\/wp\/v2\/pages\/2449"}],"wp:attachment":[{"href":"https:\/\/arquidiocesebh.org.br\/aderi\/wp-json\/wp\/v2\/media?parent=2443"}],"curies":[{"name":"wp","href":"https:\/\/api.w.org\/{rel}","templated":true}]}}