{"id":2304,"date":"2022-06-09T19:29:27","date_gmt":"2022-06-09T22:29:27","guid":{"rendered":"https:\/\/arquidiocesebh.org.br\/aderi\/?page_id=2304"},"modified":"2023-03-07T17:40:59","modified_gmt":"2023-03-07T20:40:59","slug":"plano-de-manejo-do-monaesp","status":"publish","type":"page","link":"https:\/\/arquidiocesebh.org.br\/aderi\/projetos-e-programas\/plano-de-manejo-do-monaesp\/","title":{"rendered":"Plano de Manejo do Monumento Natural Estadual Serra da Piedade"},"content":{"rendered":"<p>O Plano de Manejo \u00e9 o principal documento para subsidiar o planejamento e a gest\u00e3o eficaz de uma Unidade de Conserva\u00e7\u00e3o (UC), devendo este priorizar a manuten\u00e7\u00e3o dos modos de vida tradicionais relevantes \u00e0 conserva\u00e7\u00e3o e \u00e0 utiliza\u00e7\u00e3o sustent\u00e1vel da diversidade biol\u00f3gica, por meio da participa\u00e7\u00e3o das comunidades locais. A ADERI e o Instituto Estadual de Florestas elaboraram o Plano de Manejo do Monumento Natural Estadual da Serra da Piedade (MONAESP), que foi viabilizado pela Funda\u00e7\u00e3o Grupo Botic\u00e1rio.<\/p>\n<p>&nbsp;<\/p>\n","protected":false},"excerpt":{"rendered":"<p>O Plano de Manejo \u00e9 o principal documento para subsidiar o planejamento e a gest\u00e3o eficaz de uma Unidade de Conserva\u00e7\u00e3o (UC), devendo este priorizar a manuten\u00e7\u00e3o dos modos de vida tradicionais relevantes \u00e0 conserva\u00e7\u00e3o e \u00e0 utiliza\u00e7\u00e3o sustent\u00e1vel da diversidade biol\u00f3gica, por meio da participa\u00e7\u00e3o das comunidades locais. A ADERI e o Instituto Estadual [&hellip;]<\/p>\n","protected":false},"author":118,"featured_media":0,"parent":2301,"menu_order":0,"comment_status":"closed","ping_status":"closed","template":"","meta":{"_acf_changed":false,"xn-wppe-expiration":[],"xn-wppe-expiration-action":[],"xn-wppe-expiration-prefix":[],"inline_featured_image":false,"footnotes":""},"class_list":["post-2304","page","type-page","status-publish","hentry"],"acf":[],"_links":{"self":[{"href":"https:\/\/arquidiocesebh.org.br\/aderi\/wp-json\/wp\/v2\/pages\/2304","targetHints":{"allow":["GET"]}}],"collection":[{"href":"https:\/\/arquidiocesebh.org.br\/aderi\/wp-json\/wp\/v2\/pages"}],"about":[{"href":"https:\/\/arquidiocesebh.org.br\/aderi\/wp-json\/wp\/v2\/types\/page"}],"author":[{"embeddable":true,"href":"https:\/\/arquidiocesebh.org.br\/aderi\/wp-json\/wp\/v2\/users\/118"}],"replies":[{"embeddable":true,"href":"https:\/\/arquidiocesebh.org.br\/aderi\/wp-json\/wp\/v2\/comments?post=2304"}],"version-history":[{"count":0,"href":"https:\/\/arquidiocesebh.org.br\/aderi\/wp-json\/wp\/v2\/pages\/2304\/revisions"}],"up":[{"embeddable":true,"href":"https:\/\/arquidiocesebh.org.br\/aderi\/wp-json\/wp\/v2\/pages\/2301"}],"wp:attachment":[{"href":"https:\/\/arquidiocesebh.org.br\/aderi\/wp-json\/wp\/v2\/media?parent=2304"}],"curies":[{"name":"wp","href":"https:\/\/api.w.org\/{rel}","templated":true}]}}