{"id":2068,"date":"2022-04-05T11:42:08","date_gmt":"2022-04-05T14:42:08","guid":{"rendered":"https:\/\/arquidiocesebh.org.br\/adere\/?page_id=2068"},"modified":"2023-03-07T17:33:40","modified_gmt":"2023-03-07T20:33:40","slug":"rppn-serra-da-piedade","status":"publish","type":"page","link":"https:\/\/arquidiocesebh.org.br\/aderi\/espacos-de-vivencia\/rppn-serra-da-piedade\/","title":{"rendered":"Reserva Particular do Patrim\u00f4nio Natural Serra da Piedade"},"content":{"rendered":"<p>Em Janeiro de 2021, foi aprovada, pelo Conselho de Pol\u00edtica Ambiental do Estado de Minas Gerais (Copam) e pela C\u00e2mara de Prote\u00e7\u00e3o \u00e0 Biodiversidade e de \u00c1reas Protegidas (CPB), a cria\u00e7\u00e3o de duas <strong>Reservas Particulares do Patrim\u00f4nio Natural (RPPNs)<\/strong> na Serra da Piedade, que compreendem \u00e1reas do Santu\u00e1rio Bas\u00edlica da Padroeira de Minas e do Recanto Monsenhor Domingos\/Congrega\u00e7\u00e3o das Irm\u00e3s Auxiliares da Piedade. A cria\u00e7\u00e3o das reservas contribui para a conserva\u00e7\u00e3o da biodiversidade e para o turismo local, desde que as RPPNs s\u00e3o unidades de conserva\u00e7\u00e3o (UC&#8217;s) privadas, de uso sustent\u00e1vel, e tem como objetivo conservar a biodiversidade. Nestas unidades s\u00e3o permitidas apenas pesquisas cient\u00edficas e visita\u00e7\u00e3o com objetivos tur\u00edsticos, recreativos e educacionais. (Lei do SNUC Art. 21.).<\/p>\n","protected":false},"excerpt":{"rendered":"<p>Em Janeiro de 2021, foi aprovada, pelo Conselho de Pol\u00edtica Ambiental do Estado de Minas Gerais (Copam) e pela C\u00e2mara de Prote\u00e7\u00e3o \u00e0 Biodiversidade e de \u00c1reas Protegidas (CPB), a cria\u00e7\u00e3o de duas Reservas Particulares do Patrim\u00f4nio Natural (RPPNs) na Serra da Piedade, que compreendem \u00e1reas do Santu\u00e1rio Bas\u00edlica da Padroeira de Minas e do [&hellip;]<\/p>\n","protected":false},"author":86,"featured_media":0,"parent":2056,"menu_order":0,"comment_status":"closed","ping_status":"closed","template":"","meta":{"_acf_changed":false,"xn-wppe-expiration":[],"xn-wppe-expiration-action":[],"xn-wppe-expiration-prefix":[],"inline_featured_image":false,"footnotes":""},"class_list":["post-2068","page","type-page","status-publish","hentry"],"acf":[],"_links":{"self":[{"href":"https:\/\/arquidiocesebh.org.br\/aderi\/wp-json\/wp\/v2\/pages\/2068","targetHints":{"allow":["GET"]}}],"collection":[{"href":"https:\/\/arquidiocesebh.org.br\/aderi\/wp-json\/wp\/v2\/pages"}],"about":[{"href":"https:\/\/arquidiocesebh.org.br\/aderi\/wp-json\/wp\/v2\/types\/page"}],"author":[{"embeddable":true,"href":"https:\/\/arquidiocesebh.org.br\/aderi\/wp-json\/wp\/v2\/users\/86"}],"replies":[{"embeddable":true,"href":"https:\/\/arquidiocesebh.org.br\/aderi\/wp-json\/wp\/v2\/comments?post=2068"}],"version-history":[{"count":0,"href":"https:\/\/arquidiocesebh.org.br\/aderi\/wp-json\/wp\/v2\/pages\/2068\/revisions"}],"up":[{"embeddable":true,"href":"https:\/\/arquidiocesebh.org.br\/aderi\/wp-json\/wp\/v2\/pages\/2056"}],"wp:attachment":[{"href":"https:\/\/arquidiocesebh.org.br\/aderi\/wp-json\/wp\/v2\/media?parent=2068"}],"curies":[{"name":"wp","href":"https:\/\/api.w.org\/{rel}","templated":true}]}}